{"id":688,"date":"2021-12-28T13:16:16","date_gmt":"2021-12-28T11:16:16","guid":{"rendered":"https:\/\/glueck-wunsch.de\/testimonial381\/?page_id=688"},"modified":"2022-01-24T16:20:44","modified_gmt":"2022-01-24T14:20:44","slug":"datenschutzerklaerung","status":"publish","type":"page","link":"https:\/\/glueck-wunsch.de\/testimonial381\/datenschutzerklaerung\/","title":{"rendered":"Datenschutzerkl\u00e4rung"},"content":{"rendered":"\n<p>Gedenk- &amp; Bildungsst\u00e4tte Pferdestall Remscheid e.V.<br>Martin-Luther-Stra\u00dfe 61<\/p>\n\n\n\n<h2 class=\"wp-block-heading\">42853 Remscheid<\/h2>\n\n\n\n<p>Vorstand: Hans Heinz Schumacher<br>Telefon: 01739175506<br>E-Mail: <a rel=\"noreferrer noopener\" href=\"mailto:info@gub-pferdestall.de\" target=\"_blank\">info@gub-pferdestall.de<\/a><\/p>\n\n\n\n<p>f\u00fcr den Internetauftritt: <a href=\"https:\/\/gub-pferdestall.de\">https:\/\/gub-pferdestall.de<\/a><\/p>\n\n\n\n<h2 class=\"wp-block-heading\">Erhebung personenbezogener Daten <\/h2>\n\n\n\n<p>Von den Besuchern unserer Website erheben wir keine personenbezogenen Daten. Sofern eine betroffene Person per E-Mail den Kontakt mit uns aufnimmt, werden die personenbezogenen Daten gespeichert. Solche auf  freiwilliger Basis von einer betroffenen Person an den f\u00fcr die Verarbeitung Verantwortlichen \u00fcbermittelten personenbezogenen Daten  werden f\u00fcr Zwecke der Bearbeitung oder der Kontaktaufnahme zur  betroffenen Person gespeichert. Es erfolgt keine Weitergabe dieser Daten  an Dritte. Sie haben jederzeit die M\u00f6glichkeit, Auskunft \u00fcber diese  Daten zu erhalten. Nach Ablauf der gesetzlichen Aufbewahrungsfrist werden die entsprechenden Daten routinem\u00e4\u00dfig gel\u00f6scht, sofern sie nicht mehr zur Vertragserf\u00fcllung oder Vertragsanbahnung sowie zur Steuererkl\u00e4rung  erforderlich sind.<\/p>\n\n\n\n<p>Die Daten\u00fcbertragung im Internet (z.B. bei der Kommunikation per  E-Mail) kann Sicherheitsl\u00fccken aufweisen, ein l\u00fcckenloser Schutz der  Daten vor dem Zugriff durch Dritte ist nicht m\u00f6glich.<br>Zum Schutz der auf meinem Internetauftritt erhobenen personenbezogenen Daten haben wir Schutzma\u00dfnahmen ergriffen:<\/p>\n\n\n\n<h2 class=\"wp-block-heading\">SSL- oder TSL-Verschl\u00fcsselung<\/h2>\n\n\n\n<p>Diese Seite nutzt aus Gr\u00fcnden der Sicherheit und zum Schutz der \u00dcbertragung vertraulicher Inhalte, wie zum Beispiel der Anfragen, die Sie an mich als Seitenbetreiber senden, eine SSL- oder TSL-Verschl\u00fcsselung. Eine verschl\u00fcsselte Verbindung erkennen Sie daran, dass die Adresszeile des Browsers von \u201chttp:\/\/\u201d auf \u201chttps:\/\/\u201d wechselt und an dem Schloss-Symbol in Ihrer Browserzeile.<\/p>\n\n\n\n<h2 class=\"wp-block-heading\">Cookies<\/h2>\n\n\n\n<p>Internetseiten verwenden teilweise so genannte Cookies. Cookies richten auf Ihrem Rechner keinen Schaden an und enthalten keine Viren. Cookies dienen dazu, mein Angebot nutzerfreundlicher, effektiver und sicherer zu machen. Cookies sind kleine Textdateien, die auf Ihrem Rechner abgelegt werden und die Ihr Browser speichert.<br>Die meisten der von mir verwendeten Cookies sind so genannte \u201eSession-Cookies\u201c. Sie werden nach Ende Ihres Besuchs automatisch gel\u00f6scht. Andere Cookies bleiben auf Ihrem Endger\u00e4t gespeichert, bis Sie diese l\u00f6schen. Diese Cookies erm\u00f6glichen es mir, Ihren Browser beim n\u00e4chsten Besuch wiederzuerkennen.<br>Sie k\u00f6nnen Ihren Browser so einstellen, dass Sie \u00fcber das Setzen von Cookies informiert werden und Cookies nur im Einzelfall erlauben, die Annahme von Cookies f\u00fcr bestimmte F\u00e4lle oder generell ausschlie\u00dfen sowie das automatische L\u00f6schen der Cookies beim Schlie\u00dfen des Browser aktivieren. Bei der Deaktivierung von Cookies kann die Funktionalit\u00e4t dieser Website eingeschr\u00e4nkt sein.<\/p>\n\n\n\n<h2 class=\"wp-block-heading\">Server-Log-Files<\/h2>\n\n\n\n<p>Der Provider der Seiten erhebt und speichert automatisch  Informationen in so genannten Server-Log-Files, die Ihr Browser automatisch an mich \u00fcbermittelt. Diese sind:<\/p>\n\n\n\n<ul class=\"wp-block-list\"><li>Browsertyp und Browserversion<\/li><li>verwendetes Betriebssystem<\/li><li>Referrer URL<\/li><li>Hostname des zugreifenden Rechners<\/li><li>Uhrzeit der Serveranfrage<\/li><\/ul>\n\n\n\n<p>Diese Daten k\u00f6nnen nicht bestimmten Personen zugeordnet werden. Eine  Zusammenf\u00fchrung dieser Daten mit anderen Datenquellen wird nicht vorgenommen. Ich behalte mir vor, diese Daten nachtr\u00e4glich zu pr\u00fcfen, wenn mir konkrete Anhaltspunkte f\u00fcr eine rechtswidrige Nutzung bekannt  werden.<\/p>\n\n\n\n<h2 class=\"wp-block-heading\">GOOGLE Web Fonts<\/h2>\n\n\n\n<p>Diese Seite nutzt zur einheitlichen Darstellung von Schriftarten so genannte Web Fonts, die von Google bereitgestellt werden. Beim Aufruf einer Seite l\u00e4dt Ihr Browser die ben\u00f6tigten Web Fonts in ihren Browsercache, um Texte und Schriftarten korrekt anzuzeigen. Wenn Ihr Browser Web Fonts nicht unterst\u00fctzt, wird eine Standardschrift von Ihrem Computer genutzt.<\/p>\n\n\n\n<h2 class=\"wp-block-heading\">Auskunft, L\u00f6schung, Sperrung<\/h2>\n\n\n\n<p>Sie haben jederzeit das Recht auf unentgeltliche Auskunft \u00fcber Ihre gespeicherten personenbezogenen Daten, deren Herkunft und Empf\u00e4nger und den Zweck der Datenverarbeitung sowie ein Recht auf Berichtigung, Sperrung oder L\u00f6schung dieser Daten. Hierzu sowie zu weiteren Fragen zum Thema personenbezogene Daten k\u00f6nnen Sie sich jederzeit unter der im Impressum angegebenen Adresse an mich wenden.<\/p>\n\n\n\n<h2 class=\"wp-block-heading\">Widerspruch Werbe-Mails<\/h2>\n\n\n\n<p>Der Nutzung von im Rahmen der Impressumspflicht ver\u00f6ffentlichten Kontaktdaten zur \u00dcbersendung von nicht ausdr\u00fccklich angeforderter Werbung und Informationsmaterialien wird hiermit widersprochen. Wir behalten uns ausdr\u00fccklich rechtliche Schritte im Falle der unverlangten Zusendung von Werbeinformationen, etwa durch Spam-E-Mails, vor.<\/p>\n","protected":false},"excerpt":{"rendered":"<p>Gedenk- &amp; Bildungsst\u00e4tte Pferdestall Remscheid e.V.Martin-Luther-Stra\u00dfe 61 42853 Remscheid Vorstand: Hans Heinz SchumacherTelefon: 01739175506E-Mail: info@gub-pferdestall.de f\u00fcr den Internetauftritt: https:\/\/gub-pferdestall.de Erhebung personenbezogener Daten Von den Besuchern unserer Website erheben wir keine personenbezogenen Daten. Sofern eine betroffene Person per E-Mail den Kontakt mit uns aufnimmt, werden die personenbezogenen Daten gespeichert. Solche auf freiwilliger Basis von einer betroffenen [&hellip;]<\/p>\n","protected":false},"author":7,"featured_media":0,"parent":0,"menu_order":0,"comment_status":"closed","ping_status":"closed","template":"","meta":{"_coblocks_attr":"","_coblocks_dimensions":"","_coblocks_responsive_height":"","_coblocks_accordion_ie_support":"","_uag_custom_page_level_css":"","ocean_post_layout":"","ocean_both_sidebars_style":"","ocean_both_sidebars_content_width":0,"ocean_both_sidebars_sidebars_width":0,"ocean_sidebar":"0","ocean_second_sidebar":"0","ocean_disable_margins":"enable","ocean_add_body_class":"","ocean_shortcode_before_top_bar":"","ocean_shortcode_after_top_bar":"","ocean_shortcode_before_header":"","ocean_shortcode_after_header":"","ocean_has_shortcode":"","ocean_shortcode_after_title":"","ocean_shortcode_before_footer_widgets":"","ocean_shortcode_after_footer_widgets":"","ocean_shortcode_before_footer_bottom":"","ocean_shortcode_after_footer_bottom":"","ocean_display_top_bar":"default","ocean_display_header":"default","ocean_header_style":"","ocean_center_header_left_menu":"0","ocean_custom_header_template":"0","ocean_custom_logo":0,"ocean_custom_retina_logo":0,"ocean_custom_logo_max_width":0,"ocean_custom_logo_tablet_max_width":0,"ocean_custom_logo_mobile_max_width":0,"ocean_custom_logo_max_height":0,"ocean_custom_logo_tablet_max_height":0,"ocean_custom_logo_mobile_max_height":0,"ocean_header_custom_menu":"0","ocean_menu_typo_font_family":"0","ocean_menu_typo_font_subset":"","ocean_menu_typo_font_size":0,"ocean_menu_typo_font_size_tablet":0,"ocean_menu_typo_font_size_mobile":0,"ocean_menu_typo_font_size_unit":"px","ocean_menu_typo_font_weight":"","ocean_menu_typo_font_weight_tablet":"","ocean_menu_typo_font_weight_mobile":"","ocean_menu_typo_transform":"","ocean_menu_typo_transform_tablet":"","ocean_menu_typo_transform_mobile":"","ocean_menu_typo_line_height":0,"ocean_menu_typo_line_height_tablet":0,"ocean_menu_typo_line_height_mobile":0,"ocean_menu_typo_line_height_unit":"","ocean_menu_typo_spacing":0,"ocean_menu_typo_spacing_tablet":0,"ocean_menu_typo_spacing_mobile":0,"ocean_menu_typo_spacing_unit":"","ocean_menu_link_color":"","ocean_menu_link_color_hover":"","ocean_menu_link_color_active":"","ocean_menu_link_background":"","ocean_menu_link_hover_background":"","ocean_menu_link_active_background":"","ocean_menu_social_links_bg":"","ocean_menu_social_hover_links_bg":"","ocean_menu_social_links_color":"","ocean_menu_social_hover_links_color":"","ocean_disable_title":"default","ocean_disable_heading":"default","ocean_post_title":"","ocean_post_subheading":"","ocean_post_title_style":"background-image","ocean_post_title_background_color":"","ocean_post_title_background":1245,"ocean_post_title_bg_image_position":"","ocean_post_title_bg_image_attachment":"","ocean_post_title_bg_image_repeat":"","ocean_post_title_bg_image_size":"","ocean_post_title_height":0,"ocean_post_title_bg_overlay":0.5,"ocean_post_title_bg_overlay_color":"","ocean_disable_breadcrumbs":"default","ocean_breadcrumbs_color":"","ocean_breadcrumbs_separator_color":"","ocean_breadcrumbs_links_color":"","ocean_breadcrumbs_links_hover_color":"","ocean_display_footer_widgets":"default","ocean_display_footer_bottom":"default","ocean_custom_footer_template":"0","footnotes":""},"class_list":["post-688","page","type-page","status-publish","hentry","entry"],"uagb_featured_image_src":{"full":false,"thumbnail":false,"medium":false,"medium_large":false,"large":false,"1536x1536":false,"2048x2048":false,"ocean-thumb-m":false,"ocean-thumb-ml":false,"ocean-thumb-l":false},"uagb_author_info":{"display_name":"Pferdestall e.V. Remscheid","author_link":"https:\/\/glueck-wunsch.de\/testimonial381\/author\/admin-mieke\/"},"uagb_comment_info":0,"uagb_excerpt":"Gedenk- &amp; Bildungsst\u00e4tte Pferdestall Remscheid e.V.Martin-Luther-Stra\u00dfe 61 42853 Remscheid Vorstand: Hans Heinz SchumacherTelefon: 01739175506E-Mail: info@gub-pferdestall.de f\u00fcr den Internetauftritt: https:\/\/gub-pferdestall.de Erhebung personenbezogener Daten Von den Besuchern unserer Website erheben wir keine personenbezogenen Daten. Sofern eine betroffene Person per E-Mail den Kontakt mit uns aufnimmt, werden die personenbezogenen Daten gespeichert. Solche auf freiwilliger Basis von einer betroffenen&hellip;","_links":{"self":[{"href":"https:\/\/glueck-wunsch.de\/testimonial381\/wp-json\/wp\/v2\/pages\/688","targetHints":{"allow":["GET"]}}],"collection":[{"href":"https:\/\/glueck-wunsch.de\/testimonial381\/wp-json\/wp\/v2\/pages"}],"about":[{"href":"https:\/\/glueck-wunsch.de\/testimonial381\/wp-json\/wp\/v2\/types\/page"}],"author":[{"embeddable":true,"href":"https:\/\/glueck-wunsch.de\/testimonial381\/wp-json\/wp\/v2\/users\/7"}],"replies":[{"embeddable":true,"href":"https:\/\/glueck-wunsch.de\/testimonial381\/wp-json\/wp\/v2\/comments?post=688"}],"version-history":[{"count":2,"href":"https:\/\/glueck-wunsch.de\/testimonial381\/wp-json\/wp\/v2\/pages\/688\/revisions"}],"predecessor-version":[{"id":692,"href":"https:\/\/glueck-wunsch.de\/testimonial381\/wp-json\/wp\/v2\/pages\/688\/revisions\/692"}],"wp:attachment":[{"href":"https:\/\/glueck-wunsch.de\/testimonial381\/wp-json\/wp\/v2\/media?parent=688"}],"curies":[{"name":"wp","href":"https:\/\/api.w.org\/{rel}","templated":true}]}}

Datenschutzerklärung

<p>Gedenk- &amp; Bildungsstätte Pferdestall Remscheid e.V.<br>Martin-Luther-Straße 61</p>



<h2 class="wp-block-heading">42853 Remscheid</h2>



<p>Vorstand: Hans Heinz Schumacher<br>Telefon: 01739175506<br>E-Mail: <a rel="noreferrer noopener" href="mailto:info@gub-pferdestall.de" target="_blank">info@gub-pferdestall.de</a></p>



<p>für den Internetauftritt: <a href="https://gub-pferdestall.de">https://gub-pferdestall.de</a></p>



<h2 class="wp-block-heading">Erhebung personenbezogener Daten </h2>



<p>Von den Besuchern unserer Website erheben wir keine personenbezogenen Daten. Sofern eine betroffene Person per E-Mail den Kontakt mit uns aufnimmt, werden die personenbezogenen Daten gespeichert. Solche auf  freiwilliger Basis von einer betroffenen Person an den für die Verarbeitung Verantwortlichen übermittelten personenbezogenen Daten  werden für Zwecke der Bearbeitung oder der Kontaktaufnahme zur  betroffenen Person gespeichert. Es erfolgt keine Weitergabe dieser Daten  an Dritte. Sie haben jederzeit die Möglichkeit, Auskunft über diese  Daten zu erhalten. Nach Ablauf der gesetzlichen Aufbewahrungsfrist werden die entsprechenden Daten routinemäßig gelöscht, sofern sie nicht mehr zur Vertragserfüllung oder Vertragsanbahnung sowie zur Steuererklärung  erforderlich sind.</p>



<p>Die Datenübertragung im Internet (z.B. bei der Kommunikation per  E-Mail) kann Sicherheitslücken aufweisen, ein lückenloser Schutz der  Daten vor dem Zugriff durch Dritte ist nicht möglich.<br>Zum Schutz der auf meinem Internetauftritt erhobenen personenbezogenen Daten haben wir Schutzmaßnahmen ergriffen:</p>



<h2 class="wp-block-heading">SSL- oder TSL-Verschlüsselung</h2>



<p>Diese Seite nutzt aus Gründen der Sicherheit und zum Schutz der Übertragung vertraulicher Inhalte, wie zum Beispiel der Anfragen, die Sie an mich als Seitenbetreiber senden, eine SSL- oder TSL-Verschlüsselung. Eine verschlüsselte Verbindung erkennen Sie daran, dass die Adresszeile des Browsers von “http://” auf “https://” wechselt und an dem Schloss-Symbol in Ihrer Browserzeile.</p>



<h2 class="wp-block-heading">Cookies</h2>



<p>Internetseiten verwenden teilweise so genannte Cookies. Cookies richten auf Ihrem Rechner keinen Schaden an und enthalten keine Viren. Cookies dienen dazu, mein Angebot nutzerfreundlicher, effektiver und sicherer zu machen. Cookies sind kleine Textdateien, die auf Ihrem Rechner abgelegt werden und die Ihr Browser speichert.<br>Die meisten der von mir verwendeten Cookies sind so genannte „Session-Cookies“. Sie werden nach Ende Ihres Besuchs automatisch gelöscht. Andere Cookies bleiben auf Ihrem Endgerät gespeichert, bis Sie diese löschen. Diese Cookies ermöglichen es mir, Ihren Browser beim nächsten Besuch wiederzuerkennen.<br>Sie können Ihren Browser so einstellen, dass Sie über das Setzen von Cookies informiert werden und Cookies nur im Einzelfall erlauben, die Annahme von Cookies für bestimmte Fälle oder generell ausschließen sowie das automatische Löschen der Cookies beim Schließen des Browser aktivieren. Bei der Deaktivierung von Cookies kann die Funktionalität dieser Website eingeschränkt sein.</p>



<h2 class="wp-block-heading">Server-Log-Files</h2>



<p>Der Provider der Seiten erhebt und speichert automatisch  Informationen in so genannten Server-Log-Files, die Ihr Browser automatisch an mich übermittelt. Diese sind:</p>



<ul class="wp-block-list"><li>Browsertyp und Browserversion</li><li>verwendetes Betriebssystem</li><li>Referrer URL</li><li>Hostname des zugreifenden Rechners</li><li>Uhrzeit der Serveranfrage</li></ul>



<p>Diese Daten können nicht bestimmten Personen zugeordnet werden. Eine  Zusammenführung dieser Daten mit anderen Datenquellen wird nicht vorgenommen. Ich behalte mir vor, diese Daten nachträglich zu prüfen, wenn mir konkrete Anhaltspunkte für eine rechtswidrige Nutzung bekannt  werden.</p>



<h2 class="wp-block-heading">GOOGLE Web Fonts</h2>



<p>Diese Seite nutzt zur einheitlichen Darstellung von Schriftarten so genannte Web Fonts, die von Google bereitgestellt werden. Beim Aufruf einer Seite lädt Ihr Browser die benötigten Web Fonts in ihren Browsercache, um Texte und Schriftarten korrekt anzuzeigen. Wenn Ihr Browser Web Fonts nicht unterstützt, wird eine Standardschrift von Ihrem Computer genutzt.</p>



<h2 class="wp-block-heading">Auskunft, Löschung, Sperrung</h2>



<p>Sie haben jederzeit das Recht auf unentgeltliche Auskunft über Ihre gespeicherten personenbezogenen Daten, deren Herkunft und Empfänger und den Zweck der Datenverarbeitung sowie ein Recht auf Berichtigung, Sperrung oder Löschung dieser Daten. Hierzu sowie zu weiteren Fragen zum Thema personenbezogene Daten können Sie sich jederzeit unter der im Impressum angegebenen Adresse an mich wenden.</p>



<h2 class="wp-block-heading">Widerspruch Werbe-Mails</h2>



<p>Der Nutzung von im Rahmen der Impressumspflicht veröffentlichten Kontaktdaten zur Übersendung von nicht ausdrücklich angeforderter Werbung und Informationsmaterialien wird hiermit widersprochen. Wir behalten uns ausdrücklich rechtliche Schritte im Falle der unverlangten Zusendung von Werbeinformationen, etwa durch Spam-E-Mails, vor.</p>

<p>Gedenk- &amp; Bildungsstätte Pferdestall Remscheid e.V.Martin-Luther-Straße 61 42853 Remscheid Vorstand: Hans Heinz SchumacherTelefon: 01739175506E-Mail: info@gub-pferdestall.de für den Internetauftritt: https://gub-pferdestall.de Erhebung personenbezogener Daten Von den Besuchern unserer Website erheben wir keine personenbezogenen Daten. Sofern eine betroffene Person per E-Mail den Kontakt mit uns aufnimmt, werden die personenbezogenen Daten gespeichert. Solche auf freiwilliger Basis von einer betroffenen [&hellip;]</p>

Gedenk- &amp; Bildungsstätte Pferdestall Remscheid e.V.Martin-Luther-Straße 61 42853 Remscheid Vorstand: Hans Heinz SchumacherTelefon: 01739175506E-Mail: info@gub-pferdestall.de für den Internetauftritt: https://gub-pferdestall.de Erhebung personenbezogener Daten Von den Besuchern unserer Website erheben wir keine personenbezogenen Daten. Sofern eine betroffene Person per E-Mail den Kontakt mit uns aufnimmt, werden die personenbezogenen Daten gespeichert. Solche auf freiwilliger Basis von einer betroffenen&hellip;
