{"id":557,"date":"2019-04-15T19:13:25","date_gmt":"2019-04-15T17:13:25","guid":{"rendered":"https:\/\/glueck-wunsch.de\/testimonial381b\/?page_id=557"},"modified":"2024-06-10T15:38:22","modified_gmt":"2024-06-10T13:38:22","slug":"kontakt","status":"publish","type":"page","link":"https:\/\/glueck-wunsch.de\/testimonial381b\/kontakt\/","title":{"rendered":"Kontakt"},"content":{"rendered":"\n<p>Die Evangelischen Kirchengemeinde K\u00f6ln-Dellbr\u00fcck\/Holweide umfasst die drei Gemeindezentren der Pauluskirche und der Christuskirche in Dellbr\u00fcck und der Vers\u00f6hnungskirche in Holweide.<\/p>\n\n\n\n<h2 class=\"wp-block-heading\">Unser Gemeindeamt hilft Ihnen gerne weiter<\/h2>\n\n\n\n<p>Im Gemeindeamt, dem \u201cSekretariat\u201d unserer Gemeinde k\u00fcmmern sich Cornelia Gerner und Heike O\u2019Daniel nicht nur um den Schriftverkehr: Sie f\u00fchren die Kirchenb\u00fccher, pflegen die Mitgliederdaten, leiten Rechnungen an die zust\u00e4ndigen Stellen weiter und vieles mehr<\/p>\n\n\n\n<p>Gemeindeamt der Evangelischen<br>Kirchengemeinde K\u00f6ln-Dellbr\u00fcck\/Holweide<\/p>\n\n\n\n<p>Dellbr\u00fccker Mauspfad 345, 51069 K\u00f6ln<\/p>\n\n\n\n<p>Telefon: 0221 \u2013 68 24 65<br>Fax: 0221 \u2013 68 68 12<br>E-Mail:&nbsp;<a href=\"mailto:koeln-dellbrueck-holweide@ekir.de\">Gemeindeamt<\/a><\/p>\n\n\n\n<h2 class=\"wp-block-heading\">\u00d6ffnungszeiten:<\/h2>\n\n\n\n<p>Mo., Di., Mi. 10 \u2013 12:00 Uhr und Fr. 10:00 \u2013 12:00 Uhr<br>Do. 10:00 \u2013 15:00 Uhr<\/p>\n","protected":false},"excerpt":{"rendered":"<p>Die Evangelischen Kirchengemeinde K\u00f6ln-Dellbr\u00fcck\/Holweide umfasst die drei Gemeindezentren der Pauluskirche und der Christuskirche in Dellbr\u00fcck und der Vers\u00f6hnungskirche in Holweide. Unser Gemeindeamt hilft Ihnen gerne weiter Im Gemeindeamt, dem \u201cSekretariat\u201d unserer Gemeinde k\u00fcmmern sich Cornelia Gerner und Heike O\u2019Daniel nicht nur um den Schriftverkehr: Sie f\u00fchren die Kirchenb\u00fccher, pflegen die Mitgliederdaten, leiten Rechnungen an die [&hellip;]<\/p>\n","protected":false},"author":21,"featured_media":0,"parent":0,"menu_order":0,"comment_status":"closed","ping_status":"closed","template":"","meta":{"_uag_custom_page_level_css":"","ocean_post_layout":"","ocean_both_sidebars_style":"","ocean_both_sidebars_content_width":0,"ocean_both_sidebars_sidebars_width":0,"ocean_sidebar":"0","ocean_second_sidebar":"0","ocean_disable_margins":"enable","ocean_add_body_class":"","ocean_shortcode_before_top_bar":"","ocean_shortcode_after_top_bar":"","ocean_shortcode_before_header":"","ocean_shortcode_after_header":"","ocean_has_shortcode":"","ocean_shortcode_after_title":"","ocean_shortcode_before_footer_widgets":"","ocean_shortcode_after_footer_widgets":"","ocean_shortcode_before_footer_bottom":"","ocean_shortcode_after_footer_bottom":"","ocean_display_top_bar":"default","ocean_display_header":"default","ocean_header_style":"","ocean_center_header_left_menu":"0","ocean_custom_header_template":"0","ocean_custom_logo":0,"ocean_custom_retina_logo":0,"ocean_custom_logo_max_width":0,"ocean_custom_logo_tablet_max_width":0,"ocean_custom_logo_mobile_max_width":0,"ocean_custom_logo_max_height":0,"ocean_custom_logo_tablet_max_height":0,"ocean_custom_logo_mobile_max_height":0,"ocean_header_custom_menu":"0","ocean_menu_typo_font_family":"0","ocean_menu_typo_font_subset":"","ocean_menu_typo_font_size":0,"ocean_menu_typo_font_size_tablet":0,"ocean_menu_typo_font_size_mobile":0,"ocean_menu_typo_font_size_unit":"px","ocean_menu_typo_font_weight":"","ocean_menu_typo_font_weight_tablet":"","ocean_menu_typo_font_weight_mobile":"","ocean_menu_typo_transform":"","ocean_menu_typo_transform_tablet":"","ocean_menu_typo_transform_mobile":"","ocean_menu_typo_line_height":0,"ocean_menu_typo_line_height_tablet":0,"ocean_menu_typo_line_height_mobile":0,"ocean_menu_typo_line_height_unit":"","ocean_menu_typo_spacing":0,"ocean_menu_typo_spacing_tablet":0,"ocean_menu_typo_spacing_mobile":0,"ocean_menu_typo_spacing_unit":"","ocean_menu_link_color":"","ocean_menu_link_color_hover":"","ocean_menu_link_color_active":"","ocean_menu_link_background":"","ocean_menu_link_hover_background":"","ocean_menu_link_active_background":"","ocean_menu_social_links_bg":"","ocean_menu_social_hover_links_bg":"","ocean_menu_social_links_color":"","ocean_menu_social_hover_links_color":"","ocean_disable_title":"default","ocean_disable_heading":"default","ocean_post_title":"","ocean_post_subheading":"","ocean_post_title_style":"","ocean_post_title_background_color":"","ocean_post_title_background":0,"ocean_post_title_bg_image_position":"","ocean_post_title_bg_image_attachment":"","ocean_post_title_bg_image_repeat":"","ocean_post_title_bg_image_size":"","ocean_post_title_height":0,"ocean_post_title_bg_overlay":0.5,"ocean_post_title_bg_overlay_color":"","ocean_disable_breadcrumbs":"default","ocean_breadcrumbs_color":"","ocean_breadcrumbs_separator_color":"","ocean_breadcrumbs_links_color":"","ocean_breadcrumbs_links_hover_color":"","ocean_display_footer_widgets":"default","ocean_display_footer_bottom":"default","ocean_custom_footer_template":"0","footnotes":""},"class_list":["post-557","page","type-page","status-publish","hentry","entry"],"featured_image_src":null,"uagb_featured_image_src":{"full":false,"thumbnail":false,"medium":false,"medium_large":false,"large":false,"1536x1536":false,"2048x2048":false,"ocean-thumb-m":false,"ocean-thumb-ml":false,"ocean-thumb-l":false},"uagb_author_info":{"display_name":"Nora Mieke","author_link":"https:\/\/glueck-wunsch.de\/testimonial381b\/author\/admin-mieke\/"},"uagb_comment_info":0,"uagb_excerpt":"Die Evangelischen Kirchengemeinde K\u00f6ln-Dellbr\u00fcck\/Holweide umfasst die drei Gemeindezentren der Pauluskirche und der Christuskirche in Dellbr\u00fcck und der Vers\u00f6hnungskirche in Holweide. Unser Gemeindeamt hilft Ihnen gerne weiter Im Gemeindeamt, dem \u201cSekretariat\u201d unserer Gemeinde k\u00fcmmern sich Cornelia Gerner und Heike O\u2019Daniel nicht nur um den Schriftverkehr: Sie f\u00fchren die Kirchenb\u00fccher, pflegen die Mitgliederdaten, leiten Rechnungen an die&hellip;","_links":{"self":[{"href":"https:\/\/glueck-wunsch.de\/testimonial381b\/wp-json\/wp\/v2\/pages\/557","targetHints":{"allow":["GET"]}}],"collection":[{"href":"https:\/\/glueck-wunsch.de\/testimonial381b\/wp-json\/wp\/v2\/pages"}],"about":[{"href":"https:\/\/glueck-wunsch.de\/testimonial381b\/wp-json\/wp\/v2\/types\/page"}],"author":[{"embeddable":true,"href":"https:\/\/glueck-wunsch.de\/testimonial381b\/wp-json\/wp\/v2\/users\/21"}],"replies":[{"embeddable":true,"href":"https:\/\/glueck-wunsch.de\/testimonial381b\/wp-json\/wp\/v2\/comments?post=557"}],"version-history":[{"count":6,"href":"https:\/\/glueck-wunsch.de\/testimonial381b\/wp-json\/wp\/v2\/pages\/557\/revisions"}],"predecessor-version":[{"id":4259,"href":"https:\/\/glueck-wunsch.de\/testimonial381b\/wp-json\/wp\/v2\/pages\/557\/revisions\/4259"}],"wp:attachment":[{"href":"https:\/\/glueck-wunsch.de\/testimonial381b\/wp-json\/wp\/v2\/media?parent=557"}],"curies":[{"name":"wp","href":"https:\/\/api.w.org\/{rel}","templated":true}]}}