{"id":754,"date":"2019-04-17T09:47:37","date_gmt":"2019-04-17T07:47:37","guid":{"rendered":"https:\/\/glueck-wunsch.de\/testimonial381b\/?page_id=754"},"modified":"2025-09-16T08:46:45","modified_gmt":"2025-09-16T06:46:45","slug":"gottesdienste","status":"publish","type":"page","link":"https:\/\/glueck-wunsch.de\/testimonial381b\/gottesdienste\/","title":{"rendered":"Gottesdienste"},"content":{"rendered":"\n<p>Sonntags, manchmal auch unter der Woche, l\u00e4dt Glockengel\u00e4ut zum gemeinsamen Gottesdienst in unsere Kirchen ein. Diese Zusammenkunft ist das zentrale Ereignis in unserem Gemeindeleben. Hier kommen Menschen zusammen, um zu singen, zu beten, die Predigt zu h\u00f6ren und das Abendmahl zu feiern und in alldem Zwiesprache mit Gott zu halten.  Abendmahl feiern wir in allen drei Kirchen am ersten und dritten Sonntag im Monat. <\/p>\n\n\n\n<p>Gottesdienst in der <a href=\"https:\/\/evangelisch-in-koeln-dellbrueck-holweide.de\/christuskirche\/\" target=\"_blank\" rel=\"noreferrer noopener\">Christuskirche<\/a>, sonntags um 9:30 Uhr<\/p>\n\n\n\n<p>Gottesdienst in der <a href=\"https:\/\/evangelisch-in-koeln-dellbrueck-holweide.de\/pauluskirche\/\" target=\"_blank\" rel=\"noreferrer noopener\">Pauluskirche<\/a>, sonntags um 10:30 Uhr&nbsp;<\/p>\n\n\n\n<p>Gottesdienst in der<a href=\"https:\/\/evangelisch-in-koeln-dellbrueck-holweide.de\/versoehnungskirche\/\" target=\"_blank\" rel=\"noreferrer noopener\"> Vers\u00f6hnungskirche,<\/a> sonntags um 11:00 Uhr<\/p>\n\n\n\n<div class=\"wp-block-uagb-container uagb-block-da1a527a alignfull uagb-is-root-container\"><div class=\"uagb-container-inner-blocks-wrap\">\n<div class=\"wp-block-uagb-container uagb-block-66e29232\">\n<div class=\"wp-block-group\"><div class=\"wp-block-group__inner-container is-layout-constrained wp-block-group-is-layout-constrained\">\n<h2 class=\"wp-block-heading has-text-align-center\">Christuskirche<\/h2>\n\n\n\n<div data-churchdesk-widget-id=\"Qw6CF979umPE\" data-churchdesk-organization-id=\"6442\" data-churchdesk-user-embed=true data-churchdesk-widget-type=\"event\"><\/div><script src=\"https:\/\/widget.churchdesk.com\/widget-loader.js\"><\/script>\n<\/div><\/div>\n<\/div>\n\n\n\n<div class=\"wp-block-uagb-container uagb-block-efc749aa\">\n<div class=\"wp-block-group\"><div class=\"wp-block-group__inner-container is-layout-constrained wp-block-group-is-layout-constrained\">\n<h2 class=\"wp-block-heading has-text-align-center\">Vers\u00f6hnungskirche<\/h2>\n\n\n\n<div data-churchdesk-widget-id=\"wqfO-eKaJCoQ\" data-churchdesk-organization-id=\"6442\" data-churchdesk-user-embed=true data-churchdesk-widget-type=\"event\"><\/div><script src=\"https:\/\/widget.churchdesk.com\/widget-loader.js\"><\/script>\n<\/div><\/div>\n<\/div>\n\n\n\n<div class=\"wp-block-uagb-container uagb-block-befcc4e6\">\n<div class=\"wp-block-group\"><div class=\"wp-block-group__inner-container is-layout-constrained wp-block-group-is-layout-constrained\">\n<h2 class=\"wp-block-heading has-text-align-center\">Pauluskirche<\/h2>\n\n\n\n<div data-churchdesk-widget-id=\"lmUWov_kLFem\" data-churchdesk-organization-id=\"6442\" data-churchdesk-user-embed=true data-churchdesk-widget-type=\"event\"><\/div><script src=\"https:\/\/widget.churchdesk.com\/widget-loader.js\"><\/script>\n<\/div><\/div>\n<\/div>\n<\/div><\/div>\n\n\n\n<h2 class=\"wp-block-heading\">Gottesdienstplan <\/h2>\n\n\n\n<p>Bitte beachten Sie eventuelle Aktualisierungen im Kalender dieses Internet-Auftritts (s.o.):<\/p>\n\n\n\n<div class=\"wp-block-uagb-buttons uagb-buttons__outer-wrap uagb-btn__default-btn uagb-btn-tablet__default-btn uagb-btn-mobile__default-btn uagb-block-ba72dd37\"><div class=\"uagb-buttons__wrap uagb-buttons-layout-wrap \">\n<div class=\"wp-block-uagb-buttons-child uagb-buttons__outer-wrap uagb-block-d2984b1e wp-block-button\"><div class=\"uagb-button__wrapper\"><a class=\"uagb-buttons-repeater wp-block-button__link\" aria-label=\"\" href=\"https:\/\/evangelisch-in-koeln-dellbrueck-holweide.de\/wp-content\/uploads\/2025\/04\/GD-Kalender-1.2025.pdf\" rel=\"follow noopener\" target=\"_blank\" role=\"button\"><div class=\"uagb-button__link\">Gottesdienstplan<\/div><\/a><\/div><\/div>\n<\/div><\/div>\n\n\n\n<h2 class=\"wp-block-heading\">Schulgottesdienste&nbsp;<\/h2>\n\n\n\n<p>Mit der&nbsp;Regenbogenschule K\u00f6ln-Dellbr\u00fcck&nbsp;(GGS Dellbr\u00fccker Hauptstra\u00dfe) feiern wir einmal im Monat mittwochs um 8:30 Uhr einen Gottesdienst in der Pauluskirche. Zu Beginn und zum Abschluss eines Schuljahres werden \u00f6kumenische Gottesdienste unter Mitwirkung von St. Joseph gefeiert.<\/p>\n\n\n\n<p>Mit der&nbsp;Katholischen Grundschule K\u00f6ln-Dellbr\u00fcck&nbsp;(KGS Thurner Stra\u00dfe und Au\u00dfenstelle Urnenstra\u00dfe) feiern wir zusammen mit St. Joseph und St. Norbert j\u00e4hrlich zur Einschulung einen \u00f6kumenischen Gottesdienst.<\/p>\n\n\n\n<p>Mit der<strong>&nbsp;<\/strong>Berthold-Otto-Grundschule&nbsp;feiern wir etwa 14-t\u00e4glich freitags um 8:15 Uhr einen Gottesdienst in der Vers\u00f6hnungskirche.<\/p>\n","protected":false},"excerpt":{"rendered":"<p>Sonntags, manchmal auch unter der Woche, l\u00e4dt Glockengel\u00e4ut zum gemeinsamen Gottesdienst in unsere Kirchen ein. Diese Zusammenkunft ist das zentrale Ereignis in unserem Gemeindeleben. Hier kommen Menschen zusammen, um zu singen, zu beten, die Predigt zu h\u00f6ren und das Abendmahl zu feiern und in alldem Zwiesprache mit Gott zu halten. Abendmahl feiern wir in allen [&hellip;]<\/p>\n","protected":false},"author":21,"featured_media":0,"parent":0,"menu_order":0,"comment_status":"closed","ping_status":"closed","template":"","meta":{"_uag_custom_page_level_css":"","ocean_post_layout":"","ocean_both_sidebars_style":"","ocean_both_sidebars_content_width":0,"ocean_both_sidebars_sidebars_width":0,"ocean_sidebar":"0","ocean_second_sidebar":"0","ocean_disable_margins":"enable","ocean_add_body_class":"","ocean_shortcode_before_top_bar":"","ocean_shortcode_after_top_bar":"","ocean_shortcode_before_header":"","ocean_shortcode_after_header":"","ocean_has_shortcode":"","ocean_shortcode_after_title":"","ocean_shortcode_before_footer_widgets":"","ocean_shortcode_after_footer_widgets":"","ocean_shortcode_before_footer_bottom":"","ocean_shortcode_after_footer_bottom":"","ocean_display_top_bar":"default","ocean_display_header":"default","ocean_header_style":"","ocean_center_header_left_menu":"0","ocean_custom_header_template":"0","ocean_custom_logo":0,"ocean_custom_retina_logo":0,"ocean_custom_logo_max_width":0,"ocean_custom_logo_tablet_max_width":0,"ocean_custom_logo_mobile_max_width":0,"ocean_custom_logo_max_height":0,"ocean_custom_logo_tablet_max_height":0,"ocean_custom_logo_mobile_max_height":0,"ocean_header_custom_menu":"0","ocean_menu_typo_font_family":"0","ocean_menu_typo_font_subset":"","ocean_menu_typo_font_size":0,"ocean_menu_typo_font_size_tablet":0,"ocean_menu_typo_font_size_mobile":0,"ocean_menu_typo_font_size_unit":"px","ocean_menu_typo_font_weight":"","ocean_menu_typo_font_weight_tablet":"","ocean_menu_typo_font_weight_mobile":"","ocean_menu_typo_transform":"","ocean_menu_typo_transform_tablet":"","ocean_menu_typo_transform_mobile":"","ocean_menu_typo_line_height":0,"ocean_menu_typo_line_height_tablet":0,"ocean_menu_typo_line_height_mobile":0,"ocean_menu_typo_line_height_unit":"","ocean_menu_typo_spacing":0,"ocean_menu_typo_spacing_tablet":0,"ocean_menu_typo_spacing_mobile":0,"ocean_menu_typo_spacing_unit":"","ocean_menu_link_color":"","ocean_menu_link_color_hover":"","ocean_menu_link_color_active":"","ocean_menu_link_background":"","ocean_menu_link_hover_background":"","ocean_menu_link_active_background":"","ocean_menu_social_links_bg":"","ocean_menu_social_hover_links_bg":"","ocean_menu_social_links_color":"","ocean_menu_social_hover_links_color":"","ocean_disable_title":"default","ocean_disable_heading":"default","ocean_post_title":"","ocean_post_subheading":"","ocean_post_title_style":"","ocean_post_title_background_color":"","ocean_post_title_background":0,"ocean_post_title_bg_image_position":"","ocean_post_title_bg_image_attachment":"","ocean_post_title_bg_image_repeat":"","ocean_post_title_bg_image_size":"","ocean_post_title_height":0,"ocean_post_title_bg_overlay":0.5,"ocean_post_title_bg_overlay_color":"","ocean_disable_breadcrumbs":"default","ocean_breadcrumbs_color":"","ocean_breadcrumbs_separator_color":"","ocean_breadcrumbs_links_color":"","ocean_breadcrumbs_links_hover_color":"","ocean_display_footer_widgets":"default","ocean_display_footer_bottom":"default","ocean_custom_footer_template":"0","footnotes":""},"class_list":["post-754","page","type-page","status-publish","hentry","entry"],"featured_image_src":null,"uagb_featured_image_src":{"full":false,"thumbnail":false,"medium":false,"medium_large":false,"large":false,"1536x1536":false,"2048x2048":false,"ocean-thumb-m":false,"ocean-thumb-ml":false,"ocean-thumb-l":false},"uagb_author_info":{"display_name":"Nora Mieke","author_link":"https:\/\/glueck-wunsch.de\/testimonial381b\/author\/admin-mieke\/"},"uagb_comment_info":0,"uagb_excerpt":"Sonntags, manchmal auch unter der Woche, l\u00e4dt Glockengel\u00e4ut zum gemeinsamen Gottesdienst in unsere Kirchen ein. Diese Zusammenkunft ist das zentrale Ereignis in unserem Gemeindeleben. Hier kommen Menschen zusammen, um zu singen, zu beten, die Predigt zu h\u00f6ren und das Abendmahl zu feiern und in alldem Zwiesprache mit Gott zu halten. Abendmahl feiern wir in allen&hellip;","_links":{"self":[{"href":"https:\/\/glueck-wunsch.de\/testimonial381b\/wp-json\/wp\/v2\/pages\/754","targetHints":{"allow":["GET"]}}],"collection":[{"href":"https:\/\/glueck-wunsch.de\/testimonial381b\/wp-json\/wp\/v2\/pages"}],"about":[{"href":"https:\/\/glueck-wunsch.de\/testimonial381b\/wp-json\/wp\/v2\/types\/page"}],"author":[{"embeddable":true,"href":"https:\/\/glueck-wunsch.de\/testimonial381b\/wp-json\/wp\/v2\/users\/21"}],"replies":[{"embeddable":true,"href":"https:\/\/glueck-wunsch.de\/testimonial381b\/wp-json\/wp\/v2\/comments?post=754"}],"version-history":[{"count":27,"href":"https:\/\/glueck-wunsch.de\/testimonial381b\/wp-json\/wp\/v2\/pages\/754\/revisions"}],"predecessor-version":[{"id":4558,"href":"https:\/\/glueck-wunsch.de\/testimonial381b\/wp-json\/wp\/v2\/pages\/754\/revisions\/4558"}],"wp:attachment":[{"href":"https:\/\/glueck-wunsch.de\/testimonial381b\/wp-json\/wp\/v2\/media?parent=754"}],"curies":[{"name":"wp","href":"https:\/\/api.w.org\/{rel}","templated":true}]}}