{"id":815,"date":"2019-04-17T10:27:26","date_gmt":"2019-04-17T08:27:26","guid":{"rendered":"https:\/\/glueck-wunsch.de\/testimonial381b\/?page_id=815"},"modified":"2019-05-30T18:07:44","modified_gmt":"2019-05-30T16:07:44","slug":"posaunenchor-heilix-blechle","status":"publish","type":"page","link":"https:\/\/glueck-wunsch.de\/testimonial381b\/posaunenchor-heilix-blechle\/","title":{"rendered":"Posaunenchor Heilix Blechle"},"content":{"rendered":"\n<p>Im Posaunenchor\u00a0<strong>\u201cHeilix Blechle\u201d\u00a0<\/strong>spielen Blas-Musikerinnen und -Musiker zu besonderen Gottesdiensten und Gelegenheiten und oft auch an besonderen Orten: zum Beispiel im Thielenbrucher Wald zu Christi Himmelfahrt, auf dem Ostfriedhof am fr\u00fchen Morgen des Ostersonntag und auf dem Kirchturm der Christuskirche an Heilig Abend.<\/p>\n\n\n\n<p>Menschen von 10 bis 100 Jahren haben hier die Gelegenheit, ein Blechinstrument zu erlernen. Der Posaunist\u00a0Tobias Wember leitet den Bl\u00e4serkreis. Er bietet eine Nachwuchsgruppe an, wo Interessierte\u00a0Trompete, Posaune, Horn oder Tuba lernen k\u00f6nnen. Ein Instrument (au\u00dfer Tuba) kann kostenlos zur Verf\u00fcgung gestellt werden. Wer erfolgreich \u00fcbt, kann schon bald bei \u201cHeilix Blechle\u201d mitspielen.<\/p>\n\n\n\n<p><strong>Ansprechpartner:<\/strong>&nbsp;Martin Friedrich,&nbsp;Telefon: 0221 603155<br><strong>Unterricht:<\/strong>&nbsp;donnerstags, 18:45 bis 19:30 Uhr<br><strong>Proben:<\/strong>&nbsp;donnerstags, 19:30 Uhr<br>beides in der Pauluskirche, Thurner Stra\u00dfe 105<\/p>\n","protected":false},"excerpt":{"rendered":"<p>Im Posaunenchor\u00a0\u201cHeilix Blechle\u201d\u00a0spielen Blas-Musikerinnen und -Musiker zu besonderen Gottesdiensten und Gelegenheiten und oft auch an besonderen Orten: zum Beispiel im Thielenbrucher Wald zu Christi Himmelfahrt, auf dem Ostfriedhof am fr\u00fchen Morgen des Ostersonntag und auf dem Kirchturm der Christuskirche an Heilig Abend. Menschen von 10 bis 100 Jahren haben hier die Gelegenheit, ein Blechinstrument zu [&hellip;]<\/p>\n","protected":false},"author":21,"featured_media":0,"parent":0,"menu_order":0,"comment_status":"closed","ping_status":"closed","template":"","meta":{"_uag_custom_page_level_css":"","ocean_post_layout":"","ocean_both_sidebars_style":"","ocean_both_sidebars_content_width":0,"ocean_both_sidebars_sidebars_width":0,"ocean_sidebar":"","ocean_second_sidebar":"","ocean_disable_margins":"enable","ocean_add_body_class":"","ocean_shortcode_before_top_bar":"","ocean_shortcode_after_top_bar":"","ocean_shortcode_before_header":"","ocean_shortcode_after_header":"","ocean_has_shortcode":"","ocean_shortcode_after_title":"","ocean_shortcode_before_footer_widgets":"","ocean_shortcode_after_footer_widgets":"","ocean_shortcode_before_footer_bottom":"","ocean_shortcode_after_footer_bottom":"","ocean_display_top_bar":"default","ocean_display_header":"default","ocean_header_style":"","ocean_center_header_left_menu":"","ocean_custom_header_template":"","ocean_custom_logo":0,"ocean_custom_retina_logo":0,"ocean_custom_logo_max_width":0,"ocean_custom_logo_tablet_max_width":0,"ocean_custom_logo_mobile_max_width":0,"ocean_custom_logo_max_height":0,"ocean_custom_logo_tablet_max_height":0,"ocean_custom_logo_mobile_max_height":0,"ocean_header_custom_menu":"","ocean_menu_typo_font_family":"","ocean_menu_typo_font_subset":"","ocean_menu_typo_font_size":0,"ocean_menu_typo_font_size_tablet":0,"ocean_menu_typo_font_size_mobile":0,"ocean_menu_typo_font_size_unit":"px","ocean_menu_typo_font_weight":"","ocean_menu_typo_font_weight_tablet":"","ocean_menu_typo_font_weight_mobile":"","ocean_menu_typo_transform":"","ocean_menu_typo_transform_tablet":"","ocean_menu_typo_transform_mobile":"","ocean_menu_typo_line_height":0,"ocean_menu_typo_line_height_tablet":0,"ocean_menu_typo_line_height_mobile":0,"ocean_menu_typo_line_height_unit":"","ocean_menu_typo_spacing":0,"ocean_menu_typo_spacing_tablet":0,"ocean_menu_typo_spacing_mobile":0,"ocean_menu_typo_spacing_unit":"","ocean_menu_link_color":"","ocean_menu_link_color_hover":"","ocean_menu_link_color_active":"","ocean_menu_link_background":"","ocean_menu_link_hover_background":"","ocean_menu_link_active_background":"","ocean_menu_social_links_bg":"","ocean_menu_social_hover_links_bg":"","ocean_menu_social_links_color":"","ocean_menu_social_hover_links_color":"","ocean_disable_title":"default","ocean_disable_heading":"default","ocean_post_title":"","ocean_post_subheading":"","ocean_post_title_style":"","ocean_post_title_background_color":"","ocean_post_title_background":0,"ocean_post_title_bg_image_position":"","ocean_post_title_bg_image_attachment":"","ocean_post_title_bg_image_repeat":"","ocean_post_title_bg_image_size":"","ocean_post_title_height":0,"ocean_post_title_bg_overlay":0.5,"ocean_post_title_bg_overlay_color":"","ocean_disable_breadcrumbs":"default","ocean_breadcrumbs_color":"","ocean_breadcrumbs_separator_color":"","ocean_breadcrumbs_links_color":"","ocean_breadcrumbs_links_hover_color":"","ocean_display_footer_widgets":"default","ocean_display_footer_bottom":"default","ocean_custom_footer_template":"","footnotes":""},"class_list":["post-815","page","type-page","status-publish","hentry","entry"],"featured_image_src":null,"uagb_featured_image_src":{"full":false,"thumbnail":false,"medium":false,"medium_large":false,"large":false,"1536x1536":false,"2048x2048":false,"ocean-thumb-m":false,"ocean-thumb-ml":false,"ocean-thumb-l":false},"uagb_author_info":{"display_name":"Nora Mieke","author_link":"https:\/\/glueck-wunsch.de\/testimonial381b\/author\/admin-mieke\/"},"uagb_comment_info":0,"uagb_excerpt":"Im Posaunenchor\u00a0\u201cHeilix Blechle\u201d\u00a0spielen Blas-Musikerinnen und -Musiker zu besonderen Gottesdiensten und Gelegenheiten und oft auch an besonderen Orten: zum Beispiel im Thielenbrucher Wald zu Christi Himmelfahrt, auf dem Ostfriedhof am fr\u00fchen Morgen des Ostersonntag und auf dem Kirchturm der Christuskirche an Heilig Abend. Menschen von 10 bis 100 Jahren haben hier die Gelegenheit, ein Blechinstrument zu&hellip;","_links":{"self":[{"href":"https:\/\/glueck-wunsch.de\/testimonial381b\/wp-json\/wp\/v2\/pages\/815","targetHints":{"allow":["GET"]}}],"collection":[{"href":"https:\/\/glueck-wunsch.de\/testimonial381b\/wp-json\/wp\/v2\/pages"}],"about":[{"href":"https:\/\/glueck-wunsch.de\/testimonial381b\/wp-json\/wp\/v2\/types\/page"}],"author":[{"embeddable":true,"href":"https:\/\/glueck-wunsch.de\/testimonial381b\/wp-json\/wp\/v2\/users\/21"}],"replies":[{"embeddable":true,"href":"https:\/\/glueck-wunsch.de\/testimonial381b\/wp-json\/wp\/v2\/comments?post=815"}],"version-history":[{"count":1,"href":"https:\/\/glueck-wunsch.de\/testimonial381b\/wp-json\/wp\/v2\/pages\/815\/revisions"}],"predecessor-version":[{"id":816,"href":"https:\/\/glueck-wunsch.de\/testimonial381b\/wp-json\/wp\/v2\/pages\/815\/revisions\/816"}],"wp:attachment":[{"href":"https:\/\/glueck-wunsch.de\/testimonial381b\/wp-json\/wp\/v2\/media?parent=815"}],"curies":[{"name":"wp","href":"https:\/\/api.w.org\/{rel}","templated":true}]}}