{"id":1147,"date":"2020-08-26T03:14:50","date_gmt":"2020-08-26T03:14:50","guid":{"rendered":"https:\/\/glueck-wunsch.de\/testimonial41\/about\/"},"modified":"2022-11-16T15:26:57","modified_gmt":"2022-11-16T15:26:57","slug":"about","status":"publish","type":"page","link":"https:\/\/glueck-wunsch.de\/testimonial41\/about\/","title":{"rendered":"\u00dcber mich"},"content":{"rendered":"\n<div class=\"wp-block-cover alignfull\" style=\"min-height:600px;aspect-ratio:unset;\"><span aria-hidden=\"true\" class=\"wp-block-cover__background has-background-dim-90 has-background-dim wp-block-cover__gradient-background has-background-gradient\" style=\"background:linear-gradient(0deg,rgba(7,128,135,0.5) 0%,rgb(3,59,63) 100%)\"><\/span><img loading=\"lazy\" decoding=\"async\" width=\"1440\" height=\"836\" class=\"wp-block-cover__image-background wp-image-2147\" alt=\"\" src=\"https:\/\/glueck-wunsch.de\/testimonial41\/wp-content\/uploads\/2021\/04\/bg-clarins-collage-sonja-seemann.jpg\" data-object-fit=\"cover\" srcset=\"https:\/\/glueck-wunsch.de\/testimonial41\/wp-content\/uploads\/2021\/04\/bg-clarins-collage-sonja-seemann.jpg 1440w, https:\/\/glueck-wunsch.de\/testimonial41\/wp-content\/uploads\/2021\/04\/bg-clarins-collage-sonja-seemann-300x174.jpg 300w, https:\/\/glueck-wunsch.de\/testimonial41\/wp-content\/uploads\/2021\/04\/bg-clarins-collage-sonja-seemann-1024x594.jpg 1024w, https:\/\/glueck-wunsch.de\/testimonial41\/wp-content\/uploads\/2021\/04\/bg-clarins-collage-sonja-seemann-768x446.jpg 768w\" sizes=\"auto, (max-width: 1440px) 100vw, 1440px\" \/><div class=\"wp-block-cover__inner-container is-layout-flow wp-block-cover-is-layout-flow\">\n<h1 class=\"has-text-align-center has-white-color has-text-color wp-block-heading\">\u00dcber mich<\/h1>\n<\/div><\/div>\n\n\n\n<div class=\"inherit-container-width wp-block-group alignfull has-white-background-color has-background is-layout-constrained wp-block-group-is-layout-constrained\"><div class=\"wp-block-group__inner-container\">\n<div class=\"wp-block-media-text has-media-on-the-right is-stacked-on-mobile is-vertically-aligned-center alignwide\" style=\"grid-template-columns:auto 39%\"><div class=\"wp-block-media-text__content\">\n<h3 class=\"wp-block-heading\">Darf ich mich vorstellen?<\/h3>\n\n\n\n<h4 class=\"wp-block-heading\">Ihre Hautspezialistin<\/h4>\n\n\n\n<p>Mein Fokus ist es, seit \u00fcber 20 Jahren das Beste f\u00fcr Ihre Haut zu geben. Mit individuell auf Ihre Bed\u00fcrfnisse abgestimmten Wirkstoffen, Pflegeprodukten und Behandlungstechniken.<br>Jeder Hauttyp und jedes Alter verdient die passende L\u00f6sung!<\/p>\n\n\n\n<p>Leidenschaft, Empathie, jahrelange Erfahrung und regelm\u00e4\u00dfige Weiterbildung &#8211; z.B. zur onkologischen Kosmetikerin &#8211; zeichnen mich aus. Viele zufriedene Kunden best\u00e4tigen meine Arbeit und kommen z.T. aus dem weiten Umkreis von Monheim, Langenfeld, Leverkusen, D\u00fcsseldorf oder K\u00f6ln.<\/p>\n\n\n\n<h4 class=\"wp-block-heading\">Meine Kompetenzen<\/h4>\n\n\n\n<div class=\"wp-block-uagb-icon-list uagb-block-5583c191 uagb-icon-list__outer-wrap uagb-icon-list__layout-vertical\"><div class=\"uagb-icon-list__wrap\">\n<div class=\"wp-block-uagb-icon-list-child uagb-block-dccab69f uagb-icon-list-repeater uagb-icon-list__wrapper\"><a target=\"_self\" aria-label=\"Arzthelferinabgeschlossene medizinische Ausbildung\" rel=\"noopener noreferrer\" href=\"\/\"> <\/a><span class=\"uagb-icon-list__source-wrap\"><svg xmlns=\"https:\/\/www.w3.org\/2000\/svg\" viewBox=\"0 0 512 512\"><path d=\"M45.63 79.75L52 81.25v58.5C45 143.9 40 151.3 40 160c0 8.375 4.625 15.38 11.12 19.75L35.5 242C33.75 248.9 37.63 256 43.13 256h41.75c5.5 0 9.375-7.125 7.625-13.1L76.88 179.8C83.38 175.4 88 168.4 88 160c0-8.75-5-16.12-12-20.25V87.13L128 99.63l.001 60.37c0 70.75 57.25 128 128 128s127.1-57.25 127.1-128L384 99.62l82.25-19.87c18.25-4.375 18.25-27 0-31.5l-190.4-46c-13-3-26.62-3-39.63 0l-190.6 46C27.5 52.63 27.5 75.38 45.63 79.75zM359.2 312.8l-103.2 103.2l-103.2-103.2c-69.93 22.3-120.8 87.2-120.8 164.5C32 496.5 47.53 512 66.67 512h378.7C464.5 512 480 496.5 480 477.3C480 400 429.1 335.1 359.2 312.8z\"><\/path><\/svg><\/span><span class=\"uagb-icon-list__label\"><strong>Arzthelferin<\/strong><br>abgeschlossene medizinische Ausbildung<\/span><\/div>\n\n\n\n<div class=\"wp-block-uagb-icon-list-child uagb-block-57e88b11 uagb-icon-list-repeater uagb-icon-list__wrapper\"><span class=\"uagb-icon-list__source-wrap\"><svg xmlns=\"https:\/\/www.w3.org\/2000\/svg\" viewBox=\"0 0 384 512\"><path d=\"M288 358.3c13.98-8.088 17.53-30.04 28.88-41.39c11.35-11.35 33.3-14.88 41.39-28.87c7.98-13.79 .1658-34.54 4.373-50.29C366.7 222.5 383.1 208.5 383.1 192c0-16.5-17.27-30.52-21.34-45.73c-4.207-15.75 3.612-36.5-4.365-50.29c-8.086-13.98-30.03-17.52-41.38-28.87c-11.35-11.35-14.89-33.3-28.87-41.39c-13.79-7.979-34.54-.1637-50.29-4.375C222.5 17.27 208.5 0 192 0C175.5 0 161.5 17.27 146.3 21.34C130.5 25.54 109.8 17.73 95.98 25.7C82 33.79 78.46 55.74 67.11 67.08C55.77 78.43 33.81 81.97 25.72 95.95C17.74 109.7 25.56 130.5 21.35 146.2C17.27 161.5 .0008 175.5 .0008 192c0 16.5 17.27 30.52 21.34 45.73c4.207 15.75-3.615 36.5 4.361 50.29C33.8 302 55.74 305.5 67.08 316.9c11.35 11.35 14.89 33.3 28.88 41.4c13.79 7.979 34.53 .1582 50.28 4.369C161.5 366.7 175.5 384 192 384c16.5 0 30.52-17.27 45.74-21.34C253.5 358.5 274.2 366.3 288 358.3zM112 192c0-44.27 35.81-80 80-80s80 35.73 80 80c0 44.17-35.81 80-80 80S112 236.2 112 192zM1.719 433.2c-3.25 8.188-1.781 17.48 3.875 24.25c5.656 6.75 14.53 9.898 23.12 8.148l45.19-9.035l21.43 42.27C99.46 507 107.6 512 116.7 512c.3438 0 .6641-.0117 1.008-.0273c9.5-.375 17.65-6.082 21.24-14.88l33.58-82.08c-53.71-4.639-102-28.12-138.2-63.95L1.719 433.2zM349.6 351.1c-36.15 35.83-84.45 59.31-138.2 63.95l33.58 82.08c3.594 8.797 11.74 14.5 21.24 14.88C266.6 511.1 266.1 512 267.3 512c9.094 0 17.23-4.973 21.35-13.14l21.43-42.28l45.19 9.035c8.594 1.75 17.47-1.398 23.12-8.148c5.656-6.766 7.125-16.06 3.875-24.25L349.6 351.1z\"><\/path><\/svg><\/span><span class=\"uagb-icon-list__label\"><strong style=\"font-size: 1rem;\">Kosmetikerin<\/strong><br>Kosmetikfachschule, dann selbst\u00e4ndig seit 2000<\/span><\/div>\n\n\n\n<div class=\"wp-block-uagb-icon-list-child uagb-block-103bf30b uagb-icon-list-repeater uagb-icon-list__wrapper\"><span class=\"uagb-icon-list__source-wrap\"><svg xmlns=\"https:\/\/www.w3.org\/2000\/svg\" viewBox=\"0 0 512 512\"><path d=\"M256 112c30.88 0 56-25.12 56-56S286.9 0 256 0S199.1 25.12 199.1 56S225.1 112 256 112zM399.1 448H111.1c-26.51 0-48 21.49-48 47.1C63.98 504.8 71.15 512 79.98 512h352c8.837 0 16-7.163 16-16C447.1 469.5 426.5 448 399.1 448zM511.1 197.4c0-5.178-2.509-10.2-7.096-13.26L476.4 168.2c-2.684-1.789-5.602-2.62-8.497-2.62c-17.22 0-17.39 26.37-51.92 26.37c-29.35 0-47.97-25.38-47.97-50.63C367.1 134 361.1 128 354.6 128h-38.75c-6 0-11.63 4-12.88 9.875C298.2 160.1 278.7 176 255.1 176c-22.75 0-42.25-15.88-47-38.12C207.7 132 202.2 128 196.1 128h-38.75C149.1 128 143.1 134 143.1 141.4c0 18.45-13.73 50.62-47.95 50.62c-34.58 0-34.87-26.39-51.87-26.39c-2.909 0-5.805 .8334-8.432 2.645l-28.63 16C2.509 187.2 0 192.3 0 197.4C0 199.9 .5585 202.3 1.72 204.6L104.2 416h303.5l102.5-211.4C511.4 202.3 511.1 199.8 511.1 197.4z\"><\/path><\/svg><\/span><span class=\"uagb-icon-list__label\"><strong>Mensch<\/strong><br>Freundin, Beraterin, Zuh\u00f6rerin, Vertraute<\/span><\/div>\n<\/div><\/div>\n<\/div><figure class=\"wp-block-media-text__media\"><img loading=\"lazy\" decoding=\"async\" width=\"743\" height=\"981\" src=\"https:\/\/glueck-wunsch.de\/testimonial41\/wp-content\/uploads\/2021\/03\/sonja-seemann-portrait-hochformat.jpg\" alt=\"\" class=\"wp-image-1379 size-full\" srcset=\"https:\/\/glueck-wunsch.de\/testimonial41\/wp-content\/uploads\/2021\/03\/sonja-seemann-portrait-hochformat.jpg 743w, https:\/\/glueck-wunsch.de\/testimonial41\/wp-content\/uploads\/2021\/03\/sonja-seemann-portrait-hochformat-227x300.jpg 227w\" sizes=\"auto, (max-width: 743px) 100vw, 743px\" \/><\/figure><\/div>\n<\/div><\/div>\n\n\n\n<div class=\"inherit-container-width wp-block-group alignfull has-background is-layout-constrained wp-block-group-is-layout-constrained\" style=\"background-color:#f8fbfb\"><div class=\"wp-block-group__inner-container\">\n<section class=\"wp-block-uagb-columns uagb-columns__wrap uagb-columns__stack-tablet uagb-columns__valign- uagb-columns__gap-0 align uagb-block-fcdccf2f uagb-columns__columns-2 uagb-columns__max_width-theme\"><div class=\"uagb-columns__overlay\"><\/div><div class=\"uagb-columns__inner-wrap uagb-columns__columns-2\">\n<div class=\"wp-block-uagb-column uagb-column__wrap uagb-column__background-undefined uagb-block-ab49320b\"><div class=\"uagb-column__overlay\"><\/div>\n<h2 class=\"wp-block-heading\">TERMIN VEREINBAREN:<\/h2>\n<\/div>\n\n\n\n<div class=\"wp-block-uagb-column uagb-column__wrap uagb-column__background-undefined uagb-block-4c088605\"><div class=\"uagb-column__overlay\"><\/div>\n<h2 class=\"has-text-color wp-block-heading\" style=\"color:#269fb7\">02173 \/ 64 095<\/h2>\n<\/div>\n<\/div><\/section>\n<\/div><\/div>\n\n\n\n<p><\/p>\n","protected":false},"excerpt":{"rendered":"<p>Darf ich mich vorstellen? Ihre Hautspezialistin Mein Fokus ist es, seit \u00fcber 20 Jahren das Beste f\u00fcr Ihre Haut zu geben. Mit individuell auf Ihre Bed\u00fcrfnisse abgestimmten Wirkstoffen, Pflegeprodukten und Behandlungstechniken.Jeder Hauttyp und jedes Alter verdient die passende L\u00f6sung! Leidenschaft, Empathie, jahrelange Erfahrung und regelm\u00e4\u00dfige Weiterbildung &#8211; z.B. zur onkologischen Kosmetikerin &#8211; zeichnen mich aus. [&hellip;]<\/p>\n","protected":false},"author":4,"featured_media":0,"parent":0,"menu_order":0,"comment_status":"closed","ping_status":"closed","template":"","meta":{"_uag_custom_page_level_css":"","site-sidebar-layout":"no-sidebar","site-content-layout":"plain-container","ast-site-content-layout":"default","site-content-style":"default","site-sidebar-style":"default","ast-global-header-display":"","ast-banner-title-visibility":"","ast-main-header-display":"","ast-hfb-above-header-display":"","ast-hfb-below-header-display":"","ast-hfb-mobile-header-display":"","site-post-title":"disabled","ast-breadcrumbs-content":"disabled","ast-featured-img":"disabled","footer-sml-layout":"","ast-disable-related-posts":"","theme-transparent-header-meta":"enabled","adv-header-id-meta":"","stick-header-meta":"","header-above-stick-meta":"","header-main-stick-meta":"","header-below-stick-meta":"","astra-migrate-meta-layouts":"default","ast-page-background-enabled":"default","ast-page-background-meta":{"desktop":{"background-color":"","background-image":"","background-repeat":"repeat","background-position":"center center","background-size":"auto","background-attachment":"scroll","background-type":"","background-media":"","overlay-type":"","overlay-color":"","overlay-opacity":"","overlay-gradient":""},"tablet":{"background-color":"","background-image":"","background-repeat":"repeat","background-position":"center center","background-size":"auto","background-attachment":"scroll","background-type":"","background-media":"","overlay-type":"","overlay-color":"","overlay-opacity":"","overlay-gradient":""},"mobile":{"background-color":"","background-image":"","background-repeat":"repeat","background-position":"center center","background-size":"auto","background-attachment":"scroll","background-type":"","background-media":"","overlay-type":"","overlay-color":"","overlay-opacity":"","overlay-gradient":""}},"ast-content-background-meta":{"desktop":{"background-color":"var(--ast-global-color-5)","background-image":"","background-repeat":"repeat","background-position":"center center","background-size":"auto","background-attachment":"scroll","background-type":"","background-media":"","overlay-type":"","overlay-color":"","overlay-opacity":"","overlay-gradient":""},"tablet":{"background-color":"var(--ast-global-color-5)","background-image":"","background-repeat":"repeat","background-position":"center center","background-size":"auto","background-attachment":"scroll","background-type":"","background-media":"","overlay-type":"","overlay-color":"","overlay-opacity":"","overlay-gradient":""},"mobile":{"background-color":"var(--ast-global-color-5)","background-image":"","background-repeat":"repeat","background-position":"center center","background-size":"auto","background-attachment":"scroll","background-type":"","background-media":"","overlay-type":"","overlay-color":"","overlay-opacity":"","overlay-gradient":""}},"footnotes":""},"class_list":["post-1147","page","type-page","status-publish","hentry"],"featured_image_src":null,"uagb_featured_image_src":{"full":false,"thumbnail":false,"medium":false,"medium_large":false,"large":false,"1536x1536":false,"2048x2048":false},"uagb_author_info":{"display_name":"admin-mieke","author_link":"https:\/\/glueck-wunsch.de\/testimonial41\/author\/admin-mieke\/"},"uagb_comment_info":0,"uagb_excerpt":"Darf ich mich vorstellen? Ihre Hautspezialistin Mein Fokus ist es, seit \u00fcber 20 Jahren das Beste f\u00fcr Ihre Haut zu geben. Mit individuell auf Ihre Bed\u00fcrfnisse abgestimmten Wirkstoffen, Pflegeprodukten und Behandlungstechniken.Jeder Hauttyp und jedes Alter verdient die passende L\u00f6sung! Leidenschaft, Empathie, jahrelange Erfahrung und regelm\u00e4\u00dfige Weiterbildung &#8211; z.B. zur onkologischen Kosmetikerin &#8211; zeichnen mich aus.&hellip;","_links":{"self":[{"href":"https:\/\/glueck-wunsch.de\/testimonial41\/wp-json\/wp\/v2\/pages\/1147","targetHints":{"allow":["GET"]}}],"collection":[{"href":"https:\/\/glueck-wunsch.de\/testimonial41\/wp-json\/wp\/v2\/pages"}],"about":[{"href":"https:\/\/glueck-wunsch.de\/testimonial41\/wp-json\/wp\/v2\/types\/page"}],"author":[{"embeddable":true,"href":"https:\/\/glueck-wunsch.de\/testimonial41\/wp-json\/wp\/v2\/users\/4"}],"replies":[{"embeddable":true,"href":"https:\/\/glueck-wunsch.de\/testimonial41\/wp-json\/wp\/v2\/comments?post=1147"}],"version-history":[{"count":35,"href":"https:\/\/glueck-wunsch.de\/testimonial41\/wp-json\/wp\/v2\/pages\/1147\/revisions"}],"predecessor-version":[{"id":2257,"href":"https:\/\/glueck-wunsch.de\/testimonial41\/wp-json\/wp\/v2\/pages\/1147\/revisions\/2257"}],"wp:attachment":[{"href":"https:\/\/glueck-wunsch.de\/testimonial41\/wp-json\/wp\/v2\/media?parent=1147"}],"curies":[{"name":"wp","href":"https:\/\/api.w.org\/{rel}","templated":true}]}}