{"id":1667,"date":"2020-05-11T18:36:36","date_gmt":"2020-05-11T16:36:36","guid":{"rendered":"https:\/\/glueck-wunsch.de\/testimonial452\/?page_id=1667"},"modified":"2020-05-26T16:02:39","modified_gmt":"2020-05-26T14:02:39","slug":"impressum-2","status":"publish","type":"page","link":"https:\/\/glueck-wunsch.de\/testimonial452\/impressum-2\/","title":{"rendered":"Impressum"},"content":{"rendered":"\n<section class=\"wp-block-uagb-section uagb-section__wrap uagb-section__background-color alignfull uagb-block-336e7cdf-23cc-41c3-b165-7cbbaec78be2\" id=\"uagb-section-fd0a6885-0688-43b6-a3fd-2c4bb70558ec\"><div class=\"uagb-section__overlay\"><\/div><div class=\"uagb-section__inner-wrap\">\n<div class=\"wp-block-uagb-info-box uagb-infobox__outer-wrap uagb-block-d6d9f95d-3652-463c-960c-8e0b8a310e19\" id=\"uagb-infobox-884ae604-435a-473d-a64d-73fa88b90959\"><div class=\"uagb-infobox__content-wrap uagb-infobox uagb-infobox-has-icon uagb-infobox-icon-above-title uagb-infobox-image-valign-top uagb-infobox-enable-border-radius \"><div class=\"uagb-ifb-left-right-wrap\"><div class=\"uagb-ifb-content\"><div class=\"uagb-ifb-title-wrap\"><span class=\"uagb-ifb-title-prefix\">QUELLEN<\/span><h1 class=\"uagb-ifb-title\">IMPRESSUM<\/h1><\/div><div class=\"uagb-ifb-text-wrap\"><\/div><\/div><\/div><\/div><\/div>\n<\/div><\/section>\n\n\n\n<section class=\"wp-block-uagb-section uagb-section__wrap uagb-section__background-undefined uagb-block-1f744d03-3de8-40f5-99ab-9403688d61a4\"><div class=\"uagb-section__overlay\"><\/div><div class=\"uagb-section__inner-wrap\">\n<h4 class=\"wp-block-heading\">Angaben gem\u00e4\u00df \u00a7 5 TMG und verantwortlich f\u00fcr den Inhalt nach \u00a7 55 Abs. 2 RStV:<\/h4>\n\n\n\n<p>Chorleiter Matthias Krella<br>Solinger Str. 17<br>40764 Langenfeld<br>E-Mail: <a href=\"mailto:matthiaskrella@gmx.de\"><u>matthiaskrella@gmx.de<\/u><\/a><\/p>\n\n\n\n<p><strong>Bildnachweis:<\/strong><br>Chorarchiv<\/p>\n\n\n\n<p><strong>Haftungsausschluss (Disclaimer):<br><\/strong><br><strong>Haftung f\u00fcr Inhalte<\/strong><br>Die Inhalte unserer Seiten wurden mit gr\u00f6\u00dfter Sorgfalt erstellt. F\u00fcr die Richtigkeit, Vollst\u00e4ndigkeit und Aktualit\u00e4t der Inhalte k\u00f6nnen wir jedoch keine Gew\u00e4hr \u00fcbernehmen. Als Diensteanbieter sind wir gem\u00e4\u00df \u00a7 7 Abs. 1 TMG f\u00fcr eigene Inhalte auf diesen Seiten nach den allgemeinen Gesetzen verantwortlich. Nach \u00a7\u00a7 8 bis 10 TMG sind wir als Diensteanbieter jedoch nicht verpflichtet, \u00fcbermittelte oder gespeicherte fremde Informationen zu \u00fcberwachen oder nach Umst\u00e4nden zu forschen, die auf eine rechtswidrige T\u00e4tigkeit hinweisen. Verpflichtungen zur Entfernung oder Sperrung der Nutzung von Informationen nach den allgemeinen Gesetzen bleiben hiervon unber\u00fchrt. Eine diesbez\u00fcgliche Haftung ist jedoch erst ab dem Zeitpunkt der Kenntnis einer konkreten Rechtsverletzung m\u00f6glich. Bei Bekanntwerden von entsprechenden Rechtsverletzungen werden wir diese Inhalte umgehend entfernen.<\/p>\n\n\n\n<p><strong>Haftung f\u00fcr Links<\/strong><br>Unser Angebot enth\u00e4lt Links zu externen Webseiten Dritter, auf deren Inhalte wir keinen Einfluss haben. Deshalb k\u00f6nnen wir f\u00fcr diese fremden Inhalte auch keine Gew\u00e4hr \u00fcbernehmen. F\u00fcr die Inhalte der verlinkten Seiten ist stets der jeweilige Anbieter oder Betreiber der Seiten verantwortlich. Die verlinkten Seiten wurden zum Zeitpunkt der Verlinkung auf m\u00f6gliche Rechtsverst\u00f6\u00dfe \u00fcberpr\u00fcft. Rechtswidrige Inhalte waren zum Zeitpunkt der Verlinkung nicht erkennbar. Eine permanente inhaltliche Kontrolle der verlinkten Seiten ist jedoch ohne konkrete Anhaltspunkte einer Rechtsverletzung nicht zumutbar. Bei Bekanntwerden von Rechtsverletzungen werden wir derartige Links umgehend entfernen.<\/p>\n\n\n\n<p><strong>Urheberrecht<\/strong><br>Der Inhalt dieser Homepage gibt ausschlie\u00dflich unser Wirken als Chor wieder. Alle ver\u00f6ffentlichten Bilder und Texte stammen von uns, sofern wir das nicht anders gekennzeichnet haben. Die durch den Seitenbetreiber erstellten Bilder, Inhalte und Werke auf diesen Seiten unterliegen dem deutschen Urheberrecht. Die Vervielf\u00e4ltigung, Bearbeitung, Verbreitung und jede Art der Verwertung au\u00dferhalb der Grenzen des Urheberrechts bed\u00fcrfen der schriftlichen Zustimmung des Autors bzw. Erstellers. Das Teilen der Inhalte und Bilder in sozialen Netzwerken ist hiervon ausgenommen und ausdr\u00fccklich gestattet. Downloads und Kopien dieser Seite sind nur f\u00fcr den privaten, nicht kommerziellen Gebrauch gestattet. Soweit die Inhalte auf dieser Seite nicht vom Betreiber erstellt wurden, werden die Urheberrechte Dritter beachtet. Insbesondere werden Inhalte Dritter als solche gekennzeichnet. Sollten Sie trotzdem auf eine Urheberrechtsverletzung aufmerksam werden, bitten wir um einen entsprechenden Hinweis. Bei Bekanntwerden von Rechtsverletzungen werden wir derartige Inhalte umgehend entfernen.<\/p>\n<\/div><\/section>\n","protected":false},"excerpt":{"rendered":"","protected":false},"author":7,"featured_media":0,"parent":0,"menu_order":0,"comment_status":"closed","ping_status":"closed","template":"","meta":{"_uag_custom_page_level_css":"","site-sidebar-layout":"no-sidebar","site-content-layout":"page-builder","ast-site-content-layout":"default","site-content-style":"default","site-sidebar-style":"default","ast-global-header-display":"","ast-banner-title-visibility":"","ast-main-header-display":"","ast-hfb-above-header-display":"","ast-hfb-below-header-display":"","ast-hfb-mobile-header-display":"","site-post-title":"disabled","ast-breadcrumbs-content":"","ast-featured-img":"disabled","footer-sml-layout":"","ast-disable-related-posts":"","theme-transparent-header-meta":"default","adv-header-id-meta":"","stick-header-meta":"","header-above-stick-meta":"","header-main-stick-meta":"","header-below-stick-meta":"","astra-migrate-meta-layouts":"default","ast-page-background-enabled":"default","ast-page-background-meta":{"desktop":{"background-color":"","background-image":"","background-repeat":"repeat","background-position":"center center","background-size":"auto","background-attachment":"scroll","background-type":"","background-media":"","overlay-type":"","overlay-color":"","overlay-opacity":"","overlay-gradient":""},"tablet":{"background-color":"","background-image":"","background-repeat":"repeat","background-position":"center center","background-size":"auto","background-attachment":"scroll","background-type":"","background-media":"","overlay-type":"","overlay-color":"","overlay-opacity":"","overlay-gradient":""},"mobile":{"background-color":"","background-image":"","background-repeat":"repeat","background-position":"center center","background-size":"auto","background-attachment":"scroll","background-type":"","background-media":"","overlay-type":"","overlay-color":"","overlay-opacity":"","overlay-gradient":""}},"ast-content-background-meta":{"desktop":{"background-color":"var(--ast-global-color-5)","background-image":"","background-repeat":"repeat","background-position":"center center","background-size":"auto","background-attachment":"scroll","background-type":"","background-media":"","overlay-type":"","overlay-color":"","overlay-opacity":"","overlay-gradient":""},"tablet":{"background-color":"var(--ast-global-color-5)","background-image":"","background-repeat":"repeat","background-position":"center center","background-size":"auto","background-attachment":"scroll","background-type":"","background-media":"","overlay-type":"","overlay-color":"","overlay-opacity":"","overlay-gradient":""},"mobile":{"background-color":"var(--ast-global-color-5)","background-image":"","background-repeat":"repeat","background-position":"center center","background-size":"auto","background-attachment":"scroll","background-type":"","background-media":"","overlay-type":"","overlay-color":"","overlay-opacity":"","overlay-gradient":""}},"footnotes":""},"class_list":["post-1667","page","type-page","status-publish","hentry"],"featured_image_src":null,"yoast_head":"<!-- This site is optimized with the Yoast SEO plugin v26.7 - https:\/\/yoast.com\/wordpress\/plugins\/seo\/ -->\n<title>Impressum - Chor ImPuls<\/title>\n<meta name=\"robots\" content=\"noindex, follow\" \/>\n<meta property=\"og:locale\" content=\"de_DE\" \/>\n<meta property=\"og:type\" content=\"article\" \/>\n<meta property=\"og:title\" content=\"Impressum - Chor ImPuls\" \/>\n<meta property=\"og:url\" content=\"https:\/\/glueck-wunsch.de\/testimonial452\/impressum-2\/\" \/>\n<meta property=\"og:site_name\" content=\"Chor ImPuls\" \/>\n<meta property=\"article:modified_time\" content=\"2020-05-26T14:02:39+00:00\" \/>\n<meta name=\"twitter:card\" content=\"summary_large_image\" \/>\n<meta name=\"twitter:label1\" content=\"Gesch\u00e4tzte Lesezeit\" \/>\n\t<meta name=\"twitter:data1\" content=\"2\u00a0Minuten\" \/>\n<script type=\"application\/ld+json\" class=\"yoast-schema-graph\">{\"@context\":\"https:\/\/schema.org\",\"@graph\":[{\"@type\":\"WebPage\",\"@id\":\"https:\/\/glueck-wunsch.de\/testimonial452\/impressum-2\/\",\"url\":\"https:\/\/glueck-wunsch.de\/testimonial452\/impressum-2\/\",\"name\":\"Impressum - Chor ImPuls\",\"isPartOf\":{\"@id\":\"https:\/\/glueck-wunsch.de\/testimonial452\/#website\"},\"datePublished\":\"2020-05-11T16:36:36+00:00\",\"dateModified\":\"2020-05-26T14:02:39+00:00\",\"breadcrumb\":{\"@id\":\"https:\/\/glueck-wunsch.de\/testimonial452\/impressum-2\/#breadcrumb\"},\"inLanguage\":\"de\",\"potentialAction\":[{\"@type\":\"ReadAction\",\"target\":[\"https:\/\/glueck-wunsch.de\/testimonial452\/impressum-2\/\"]}]},{\"@type\":\"BreadcrumbList\",\"@id\":\"https:\/\/glueck-wunsch.de\/testimonial452\/impressum-2\/#breadcrumb\",\"itemListElement\":[{\"@type\":\"ListItem\",\"position\":1,\"name\":\"Startseite\",\"item\":\"https:\/\/glueck-wunsch.de\/testimonial452\/\"},{\"@type\":\"ListItem\",\"position\":2,\"name\":\"Impressum\"}]},{\"@type\":\"WebSite\",\"@id\":\"https:\/\/glueck-wunsch.de\/testimonial452\/#website\",\"url\":\"https:\/\/glueck-wunsch.de\/testimonial452\/\",\"name\":\"Chor ImPuls\",\"description\":\"singen und musizieren\",\"publisher\":{\"@id\":\"https:\/\/glueck-wunsch.de\/testimonial452\/#organization\"},\"potentialAction\":[{\"@type\":\"SearchAction\",\"target\":{\"@type\":\"EntryPoint\",\"urlTemplate\":\"https:\/\/glueck-wunsch.de\/testimonial452\/?s={search_term_string}\"},\"query-input\":{\"@type\":\"PropertyValueSpecification\",\"valueRequired\":true,\"valueName\":\"search_term_string\"}}],\"inLanguage\":\"de\"},{\"@type\":\"Organization\",\"@id\":\"https:\/\/glueck-wunsch.de\/testimonial452\/#organization\",\"name\":\"Chor Impuls\",\"url\":\"https:\/\/glueck-wunsch.de\/testimonial452\/\",\"logo\":{\"@type\":\"ImageObject\",\"inLanguage\":\"de\",\"@id\":\"https:\/\/glueck-wunsch.de\/testimonial452\/#\/schema\/logo\/image\/\",\"url\":\"https:\/\/glueck-wunsch.de\/testimonial452\/wp-content\/uploads\/2020\/05\/logo-chor-impuls-P.png\",\"contentUrl\":\"https:\/\/glueck-wunsch.de\/testimonial452\/wp-content\/uploads\/2020\/05\/logo-chor-impuls-P.png\",\"width\":1050,\"height\":451,\"caption\":\"Chor Impuls\"},\"image\":{\"@id\":\"https:\/\/glueck-wunsch.de\/testimonial452\/#\/schema\/logo\/image\/\"}}]}<\/script>\n<!-- \/ Yoast SEO plugin. -->","yoast_head_json":{"title":"Impressum - Chor ImPuls","robots":{"index":"noindex","follow":"follow"},"og_locale":"de_DE","og_type":"article","og_title":"Impressum - Chor ImPuls","og_url":"https:\/\/glueck-wunsch.de\/testimonial452\/impressum-2\/","og_site_name":"Chor ImPuls","article_modified_time":"2020-05-26T14:02:39+00:00","twitter_card":"summary_large_image","twitter_misc":{"Gesch\u00e4tzte Lesezeit":"2\u00a0Minuten"},"schema":{"@context":"https:\/\/schema.org","@graph":[{"@type":"WebPage","@id":"https:\/\/glueck-wunsch.de\/testimonial452\/impressum-2\/","url":"https:\/\/glueck-wunsch.de\/testimonial452\/impressum-2\/","name":"Impressum - Chor ImPuls","isPartOf":{"@id":"https:\/\/glueck-wunsch.de\/testimonial452\/#website"},"datePublished":"2020-05-11T16:36:36+00:00","dateModified":"2020-05-26T14:02:39+00:00","breadcrumb":{"@id":"https:\/\/glueck-wunsch.de\/testimonial452\/impressum-2\/#breadcrumb"},"inLanguage":"de","potentialAction":[{"@type":"ReadAction","target":["https:\/\/glueck-wunsch.de\/testimonial452\/impressum-2\/"]}]},{"@type":"BreadcrumbList","@id":"https:\/\/glueck-wunsch.de\/testimonial452\/impressum-2\/#breadcrumb","itemListElement":[{"@type":"ListItem","position":1,"name":"Startseite","item":"https:\/\/glueck-wunsch.de\/testimonial452\/"},{"@type":"ListItem","position":2,"name":"Impressum"}]},{"@type":"WebSite","@id":"https:\/\/glueck-wunsch.de\/testimonial452\/#website","url":"https:\/\/glueck-wunsch.de\/testimonial452\/","name":"Chor ImPuls","description":"singen und musizieren","publisher":{"@id":"https:\/\/glueck-wunsch.de\/testimonial452\/#organization"},"potentialAction":[{"@type":"SearchAction","target":{"@type":"EntryPoint","urlTemplate":"https:\/\/glueck-wunsch.de\/testimonial452\/?s={search_term_string}"},"query-input":{"@type":"PropertyValueSpecification","valueRequired":true,"valueName":"search_term_string"}}],"inLanguage":"de"},{"@type":"Organization","@id":"https:\/\/glueck-wunsch.de\/testimonial452\/#organization","name":"Chor Impuls","url":"https:\/\/glueck-wunsch.de\/testimonial452\/","logo":{"@type":"ImageObject","inLanguage":"de","@id":"https:\/\/glueck-wunsch.de\/testimonial452\/#\/schema\/logo\/image\/","url":"https:\/\/glueck-wunsch.de\/testimonial452\/wp-content\/uploads\/2020\/05\/logo-chor-impuls-P.png","contentUrl":"https:\/\/glueck-wunsch.de\/testimonial452\/wp-content\/uploads\/2020\/05\/logo-chor-impuls-P.png","width":1050,"height":451,"caption":"Chor Impuls"},"image":{"@id":"https:\/\/glueck-wunsch.de\/testimonial452\/#\/schema\/logo\/image\/"}}]}},"uagb_featured_image_src":{"full":false,"thumbnail":false,"medium":false,"medium_large":false,"large":false,"1536x1536":false,"2048x2048":false},"uagb_author_info":{"display_name":"admin-mieke","author_link":"https:\/\/glueck-wunsch.de\/testimonial452\/author\/admin-mieke\/"},"uagb_comment_info":0,"uagb_excerpt":null,"_links":{"self":[{"href":"https:\/\/glueck-wunsch.de\/testimonial452\/wp-json\/wp\/v2\/pages\/1667","targetHints":{"allow":["GET"]}}],"collection":[{"href":"https:\/\/glueck-wunsch.de\/testimonial452\/wp-json\/wp\/v2\/pages"}],"about":[{"href":"https:\/\/glueck-wunsch.de\/testimonial452\/wp-json\/wp\/v2\/types\/page"}],"author":[{"embeddable":true,"href":"https:\/\/glueck-wunsch.de\/testimonial452\/wp-json\/wp\/v2\/users\/7"}],"replies":[{"embeddable":true,"href":"https:\/\/glueck-wunsch.de\/testimonial452\/wp-json\/wp\/v2\/comments?post=1667"}],"version-history":[{"count":24,"href":"https:\/\/glueck-wunsch.de\/testimonial452\/wp-json\/wp\/v2\/pages\/1667\/revisions"}],"predecessor-version":[{"id":2198,"href":"https:\/\/glueck-wunsch.de\/testimonial452\/wp-json\/wp\/v2\/pages\/1667\/revisions\/2198"}],"wp:attachment":[{"href":"https:\/\/glueck-wunsch.de\/testimonial452\/wp-json\/wp\/v2\/media?parent=1667"}],"curies":[{"name":"wp","href":"https:\/\/api.w.org\/{rel}","templated":true}]}}