{"id":1967,"date":"2020-06-11T18:04:14","date_gmt":"2020-06-11T16:04:14","guid":{"rendered":"https:\/\/glueck-wunsch.de\/testimonial452\/?page_id=1967"},"modified":"2021-04-07T14:40:27","modified_gmt":"2021-04-07T12:40:27","slug":"chorleitung","status":"publish","type":"page","link":"https:\/\/glueck-wunsch.de\/testimonial452\/chorleitung\/","title":{"rendered":"Chorleitung"},"content":{"rendered":"\n<section class=\"wp-block-uagb-section uagb-section__wrap uagb-section__background-color alignfull uagb-block-a420819c\"><div class=\"uagb-section__overlay\"><\/div><div class=\"uagb-section__inner-wrap\">\n<div class=\"wp-block-uagb-info-box uagb-infobox__outer-wrap uagb-block-b7f25394\"><div class=\"uagb-infobox__content-wrap uagb-infobox uagb-infobox-has-icon uagb-infobox-icon-above-title uagb-infobox-image-valign-top uagb-infobox-enable-border-radius \"><div class=\"uagb-ifb-left-right-wrap\"><div class=\"uagb-ifb-content\"><div class=\"uagb-ifb-title-wrap\"><span class=\"uagb-ifb-title-prefix\">Der Chor ImPuls<\/span><h1 class=\"uagb-ifb-title\">Chorleitung<\/h1><\/div><div class=\"uagb-ifb-text-wrap\"><\/div><\/div><\/div><\/div><\/div>\n<\/div><\/section>\n\n\n\n<section class=\"wp-block-uagb-columns uagb-columns__wrap uagb-columns__background-none uagb-columns__stack-mobile uagb-columns__valign-undefined uagb-columns__gap-10 alignfull uagb-block-2d6ba4d3\"><div class=\"uagb-columns__overlay\"><\/div><div class=\"uagb-columns__inner-wrap uagb-columns__columns-2\">\n<div class=\"wp-block-uagb-column uagb-column__wrap uagb-column__background-undefined uagb-block-d9d0369d\"><div class=\"uagb-column__overlay\"><\/div><div class=\"uagb-column__inner-wrap\">\n<figure class=\"wp-block-image size-large\"><img loading=\"lazy\" decoding=\"async\" width=\"600\" height=\"562\" src=\"http:\/\/glueck-wunsch.de\/testimonial452\/wp-content\/uploads\/2020\/05\/chor-impuls-mk.jpg\" alt=\"Chorleiter Matthias Krella\" class=\"wp-image-1612\" title=\"Matthias Krella\" srcset=\"https:\/\/glueck-wunsch.de\/testimonial452\/wp-content\/uploads\/2020\/05\/chor-impuls-mk.jpg 600w, https:\/\/glueck-wunsch.de\/testimonial452\/wp-content\/uploads\/2020\/05\/chor-impuls-mk-300x281.jpg 300w\" sizes=\"auto, (max-width: 600px) 100vw, 600px\" \/><\/figure>\n<\/div><\/div>\n\n\n\n<div class=\"wp-block-uagb-column uagb-column__wrap uagb-column__background-undefined uagb-block-38ce04ed\"><div class=\"uagb-column__overlay\"><\/div><div class=\"uagb-column__inner-wrap\">\n<h3 class=\"wp-block-heading\">Unser Chorleiter Matthias Krella<\/h3>\n\n\n\n<p>Musik fasziniert ihn \u2013 klar! Und das gemeinsame Singen und Musizieren mit Menschen aller Generationen, also mit uns. Wenn wir den richtigen Ton treffen, strahlt er wie auf dem Foto.<\/p>\n\n\n\n<p>Als Kirchenmusiker nimmt Matthias Krella immer wieder neue musikalische Herausforderungen an \u2013 instrumental und mit den Chorgruppen. St\u00fccke aus Klassik, Jazz, Pop, Gospel und vieles mehr studiert er mit dem Chor ImPuls ein.<\/p>\n\n\n\n<p>Matthias Krella studierte an der Robert-Schumann-Hochschule in D\u00fcsseldorf Katholische Kirchenmusik und schloss dieses mit dem A-Examen ab. Seit 1994 ist er Kantor in Langenfeld. <\/p>\n\n\n<div class=\"wp-block-ub-expand ub-expand\" id=\"ub-expand-991f244c-7df3-4fcd-920b-fde085281bd1\" data-scroll-type=\"false\" data-scroll-amount=\"\" data-scroll-target=\"\">\n<div class=\"ub-expand-portion ub-expand-partial wp-block-ub-expand-portion\" id=\"ub-expand-partial-991f244c-7df3-4fcd-920b-fde085281bd1\" aria-hidden=\"false\">\n\t\t\t\n\t\t\t<a id=\"ub-expand-toggle-partial-991f244c-7df3-4fcd-920b-fde085281bd1\" class=\"ub-expand-toggle-button\" style=\"text-align: left; \" role=\"button\" aria-expanded=\"false\" aria-controls=\"ub-expand-full-991f244c-7df3-4fcd-920b-fde085281bd1\" tabindex=\"0\">\n\t\t\t\tzeige mehr\n\t\t\t<\/a>\n\t\t<\/div>\n\n<div class=\"ub-expand-portion ub-expand-full ub-hide wp-block-ub-expand-portion\" id=\"ub-expand-full-991f244c-7df3-4fcd-920b-fde085281bd1\" aria-hidden=\"true\">\n\t\t\t\n\n<p>Neben der T\u00e4tigkeit als Organist leitet Matthias Krella unterschiedliche Chorgruppen.<br>Immer aufgeschlossen f\u00fcr Neues studiert er mit den Ch\u00f6ren ungew\u00f6hnliche Messen ein; so die Messe f\u00fcr Chor und zugespielte Walstimmen von Enjott Schneider oder die Messe in Es-Dur von seinem Kollegen Andrea Fillipini f\u00fcr Chor, Kinderchor, Soloinstrument und Orgel. Matthias Krella realisierte drei gro\u00dfe Vertonungen mit Werken von Karl Jenkins: Das \u201eRequiem\u201c, das \u201eStabat mater\u201c und im November 2019 die Friedensmesse \u201eThe armed man\u201c.<br>F\u00fcr das Jahr 2020 steht die Urauff\u00fchrung der \u201eMass in deep blue\u201c von Mark Gierling auf dem Projektplan der Ch\u00f6re.<\/p>\n\n\n\n<p>Matthias Krella konnte zahlreiche Kindermusicals mit seinen Kinder- und Jugendch\u00f6ren zur Auff\u00fchrung bringen.<\/p>\n\n\n\n<p>Er gr\u00fcndete die Band \u201eTonbotschaft\u201c, die zusammen mit dem Jugendchor Worship Songs und Popsongs einstudiert. Das Chorensemble \u201ead libitum\u201c, ebenfalls von Matthias Krella gegr\u00fcndet, realisiert Chorwerke aller Stilepochen.<\/p>\n\n\n\n<p>Matthias Krella hat mehrere CDs aufgenommen:<\/p>\n\n\n\n<ul class=\"wp-block-list\"><li>CDs f\u00fcr Kinder (zusammen mit der Geigerin Cosima Breidenstein),<\/li><li>Matthias Krella und das Posaunenquartett \u201eReSonanz\u201c,<\/li><li>\u201eAch Bach\u201c mit dem Saxophonisten J\u00fcrgen L\u00f6scher,<\/li><li>CDs mit dem Langenfelder Frauenchor<\/li><\/ul>\n\n\n\n<p>Matthias Krella hat an Orgelmeisterkursen bei Peter Planyawsky, Michael Radulescu, Daniel Roth und Thierry Mechler sowie an Chorleitungsmeisterkursen bei Prof. Ericson, Prof. Wippermann, Prof. Schuhenn und Prof. Sch\u00e4fer teilgenommen. Seine Konzerte f\u00fchren ihn heute als Pianist und Organist, solistisch oder im Ensemble, durch Deutschland, Frankreich, D\u00e4nemark, Schweden, Polen, Ibiza, Ungarn und den Libanon. Im Oktober 2016 spielte Matthias Krella zusammen mit dem Bl\u00e4serensemble wes10brass die Urauff\u00fchrung der Aria Variata von Frank Zabel.<\/p>\n\n\n\t\t\t<a id=\"ub-expand-toggle-full-991f244c-7df3-4fcd-920b-fde085281bd1\" class=\"ub-expand-toggle-button\" style=\"text-align: left; \" role=\"button\" aria-expanded=\"true\" aria-controls=\"ub-expand-full-991f244c-7df3-4fcd-920b-fde085281bd1\" tabindex=\"0\">\n\t\t\t\tzeige weniger\n\t\t\t<\/a>\n\t\t<\/div>\n<\/div><\/div><\/div>\n<\/div><\/section>\n\n\n\n<p><\/p>\n","protected":false},"excerpt":{"rendered":"<p>Unser Chorleiter Matthias Krella Musik fasziniert ihn \u2013 klar! Und das gemeinsame Singen und Musizieren mit Menschen aller Generationen, also mit uns. Wenn wir den richtigen Ton treffen, strahlt er wie auf dem Foto. Als Kirchenmusiker nimmt Matthias Krella immer wieder neue musikalische Herausforderungen an \u2013 instrumental und mit den Chorgruppen. St\u00fccke aus Klassik, Jazz, [&hellip;]<\/p>\n","protected":false},"author":4,"featured_media":0,"parent":0,"menu_order":0,"comment_status":"closed","ping_status":"closed","template":"","meta":{"_uag_custom_page_level_css":"","site-sidebar-layout":"default","site-content-layout":"page-builder","ast-site-content-layout":"default","site-content-style":"default","site-sidebar-style":"default","ast-global-header-display":"","ast-banner-title-visibility":"","ast-main-header-display":"","ast-hfb-above-header-display":"","ast-hfb-below-header-display":"","ast-hfb-mobile-header-display":"","site-post-title":"disabled","ast-breadcrumbs-content":"","ast-featured-img":"disabled","footer-sml-layout":"","ast-disable-related-posts":"","theme-transparent-header-meta":"default","adv-header-id-meta":"","stick-header-meta":"","header-above-stick-meta":"","header-main-stick-meta":"","header-below-stick-meta":"","astra-migrate-meta-layouts":"default","ast-page-background-enabled":"default","ast-page-background-meta":{"desktop":{"background-color":"","background-image":"","background-repeat":"repeat","background-position":"center center","background-size":"auto","background-attachment":"scroll","background-type":"","background-media":"","overlay-type":"","overlay-color":"","overlay-opacity":"","overlay-gradient":""},"tablet":{"background-color":"","background-image":"","background-repeat":"repeat","background-position":"center center","background-size":"auto","background-attachment":"scroll","background-type":"","background-media":"","overlay-type":"","overlay-color":"","overlay-opacity":"","overlay-gradient":""},"mobile":{"background-color":"","background-image":"","background-repeat":"repeat","background-position":"center center","background-size":"auto","background-attachment":"scroll","background-type":"","background-media":"","overlay-type":"","overlay-color":"","overlay-opacity":"","overlay-gradient":""}},"ast-content-background-meta":{"desktop":{"background-color":"var(--ast-global-color-5)","background-image":"","background-repeat":"repeat","background-position":"center center","background-size":"auto","background-attachment":"scroll","background-type":"","background-media":"","overlay-type":"","overlay-color":"","overlay-opacity":"","overlay-gradient":""},"tablet":{"background-color":"var(--ast-global-color-5)","background-image":"","background-repeat":"repeat","background-position":"center center","background-size":"auto","background-attachment":"scroll","background-type":"","background-media":"","overlay-type":"","overlay-color":"","overlay-opacity":"","overlay-gradient":""},"mobile":{"background-color":"var(--ast-global-color-5)","background-image":"","background-repeat":"repeat","background-position":"center center","background-size":"auto","background-attachment":"scroll","background-type":"","background-media":"","overlay-type":"","overlay-color":"","overlay-opacity":"","overlay-gradient":""}},"footnotes":""},"class_list":["post-1967","page","type-page","status-publish","hentry"],"featured_image_src":null,"yoast_head":"<!-- This site is optimized with the Yoast SEO plugin v26.7 - https:\/\/yoast.com\/wordpress\/plugins\/seo\/ -->\n<title>Chorleitung - Chor ImPuls<\/title>\n<meta name=\"robots\" content=\"noindex, follow\" \/>\n<meta property=\"og:locale\" content=\"de_DE\" \/>\n<meta property=\"og:type\" content=\"article\" \/>\n<meta property=\"og:title\" content=\"Chorleitung - Chor ImPuls\" \/>\n<meta property=\"og:description\" content=\"Unser Chorleiter Matthias Krella Musik fasziniert ihn \u2013 klar! Und das gemeinsame Singen und Musizieren mit Menschen aller Generationen, also mit uns. Wenn wir den richtigen Ton treffen, strahlt er wie auf dem Foto. Als Kirchenmusiker nimmt Matthias Krella immer wieder neue musikalische Herausforderungen an \u2013 instrumental und mit den Chorgruppen. St\u00fccke aus Klassik, Jazz, [&hellip;]\" \/>\n<meta property=\"og:url\" content=\"https:\/\/glueck-wunsch.de\/testimonial452\/chorleitung\/\" \/>\n<meta property=\"og:site_name\" content=\"Chor ImPuls\" \/>\n<meta property=\"article:modified_time\" content=\"2021-04-07T12:40:27+00:00\" \/>\n<meta property=\"og:image\" content=\"https:\/\/glueck-wunsch.de\/testimonial452\/wp-content\/uploads\/2020\/05\/chor-impuls-mk.jpg\" \/>\n\t<meta property=\"og:image:width\" content=\"600\" \/>\n\t<meta property=\"og:image:height\" content=\"562\" \/>\n\t<meta property=\"og:image:type\" content=\"image\/jpeg\" \/>\n<meta name=\"twitter:card\" content=\"summary_large_image\" \/>\n<meta name=\"twitter:label1\" content=\"Gesch\u00e4tzte Lesezeit\" \/>\n\t<meta name=\"twitter:data1\" content=\"2\u00a0Minuten\" \/>\n<script type=\"application\/ld+json\" class=\"yoast-schema-graph\">{\"@context\":\"https:\/\/schema.org\",\"@graph\":[{\"@type\":\"WebPage\",\"@id\":\"https:\/\/glueck-wunsch.de\/testimonial452\/chorleitung\/\",\"url\":\"https:\/\/glueck-wunsch.de\/testimonial452\/chorleitung\/\",\"name\":\"Chorleitung - Chor ImPuls\",\"isPartOf\":{\"@id\":\"https:\/\/glueck-wunsch.de\/testimonial452\/#website\"},\"primaryImageOfPage\":{\"@id\":\"https:\/\/glueck-wunsch.de\/testimonial452\/chorleitung\/#primaryimage\"},\"image\":{\"@id\":\"https:\/\/glueck-wunsch.de\/testimonial452\/chorleitung\/#primaryimage\"},\"thumbnailUrl\":\"http:\/\/glueck-wunsch.de\/testimonial452\/wp-content\/uploads\/2020\/05\/chor-impuls-mk.jpg\",\"datePublished\":\"2020-06-11T16:04:14+00:00\",\"dateModified\":\"2021-04-07T12:40:27+00:00\",\"breadcrumb\":{\"@id\":\"https:\/\/glueck-wunsch.de\/testimonial452\/chorleitung\/#breadcrumb\"},\"inLanguage\":\"de\",\"potentialAction\":[{\"@type\":\"ReadAction\",\"target\":[\"https:\/\/glueck-wunsch.de\/testimonial452\/chorleitung\/\"]}]},{\"@type\":\"ImageObject\",\"inLanguage\":\"de\",\"@id\":\"https:\/\/glueck-wunsch.de\/testimonial452\/chorleitung\/#primaryimage\",\"url\":\"http:\/\/glueck-wunsch.de\/testimonial452\/wp-content\/uploads\/2020\/05\/chor-impuls-mk.jpg\",\"contentUrl\":\"http:\/\/glueck-wunsch.de\/testimonial452\/wp-content\/uploads\/2020\/05\/chor-impuls-mk.jpg\"},{\"@type\":\"BreadcrumbList\",\"@id\":\"https:\/\/glueck-wunsch.de\/testimonial452\/chorleitung\/#breadcrumb\",\"itemListElement\":[{\"@type\":\"ListItem\",\"position\":1,\"name\":\"Startseite\",\"item\":\"https:\/\/glueck-wunsch.de\/testimonial452\/\"},{\"@type\":\"ListItem\",\"position\":2,\"name\":\"Chorleitung\"}]},{\"@type\":\"WebSite\",\"@id\":\"https:\/\/glueck-wunsch.de\/testimonial452\/#website\",\"url\":\"https:\/\/glueck-wunsch.de\/testimonial452\/\",\"name\":\"Chor ImPuls\",\"description\":\"singen und musizieren\",\"publisher\":{\"@id\":\"https:\/\/glueck-wunsch.de\/testimonial452\/#organization\"},\"potentialAction\":[{\"@type\":\"SearchAction\",\"target\":{\"@type\":\"EntryPoint\",\"urlTemplate\":\"https:\/\/glueck-wunsch.de\/testimonial452\/?s={search_term_string}\"},\"query-input\":{\"@type\":\"PropertyValueSpecification\",\"valueRequired\":true,\"valueName\":\"search_term_string\"}}],\"inLanguage\":\"de\"},{\"@type\":\"Organization\",\"@id\":\"https:\/\/glueck-wunsch.de\/testimonial452\/#organization\",\"name\":\"Chor Impuls\",\"url\":\"https:\/\/glueck-wunsch.de\/testimonial452\/\",\"logo\":{\"@type\":\"ImageObject\",\"inLanguage\":\"de\",\"@id\":\"https:\/\/glueck-wunsch.de\/testimonial452\/#\/schema\/logo\/image\/\",\"url\":\"https:\/\/glueck-wunsch.de\/testimonial452\/wp-content\/uploads\/2020\/05\/logo-chor-impuls-P.png\",\"contentUrl\":\"https:\/\/glueck-wunsch.de\/testimonial452\/wp-content\/uploads\/2020\/05\/logo-chor-impuls-P.png\",\"width\":1050,\"height\":451,\"caption\":\"Chor Impuls\"},\"image\":{\"@id\":\"https:\/\/glueck-wunsch.de\/testimonial452\/#\/schema\/logo\/image\/\"}}]}<\/script>\n<!-- \/ Yoast SEO plugin. -->","yoast_head_json":{"title":"Chorleitung - Chor ImPuls","robots":{"index":"noindex","follow":"follow"},"og_locale":"de_DE","og_type":"article","og_title":"Chorleitung - Chor ImPuls","og_description":"Unser Chorleiter Matthias Krella Musik fasziniert ihn \u2013 klar! Und das gemeinsame Singen und Musizieren mit Menschen aller Generationen, also mit uns. Wenn wir den richtigen Ton treffen, strahlt er wie auf dem Foto. Als Kirchenmusiker nimmt Matthias Krella immer wieder neue musikalische Herausforderungen an \u2013 instrumental und mit den Chorgruppen. St\u00fccke aus Klassik, Jazz, [&hellip;]","og_url":"https:\/\/glueck-wunsch.de\/testimonial452\/chorleitung\/","og_site_name":"Chor ImPuls","article_modified_time":"2021-04-07T12:40:27+00:00","og_image":[{"width":600,"height":562,"url":"https:\/\/glueck-wunsch.de\/testimonial452\/wp-content\/uploads\/2020\/05\/chor-impuls-mk.jpg","type":"image\/jpeg"}],"twitter_card":"summary_large_image","twitter_misc":{"Gesch\u00e4tzte Lesezeit":"2\u00a0Minuten"},"schema":{"@context":"https:\/\/schema.org","@graph":[{"@type":"WebPage","@id":"https:\/\/glueck-wunsch.de\/testimonial452\/chorleitung\/","url":"https:\/\/glueck-wunsch.de\/testimonial452\/chorleitung\/","name":"Chorleitung - Chor ImPuls","isPartOf":{"@id":"https:\/\/glueck-wunsch.de\/testimonial452\/#website"},"primaryImageOfPage":{"@id":"https:\/\/glueck-wunsch.de\/testimonial452\/chorleitung\/#primaryimage"},"image":{"@id":"https:\/\/glueck-wunsch.de\/testimonial452\/chorleitung\/#primaryimage"},"thumbnailUrl":"http:\/\/glueck-wunsch.de\/testimonial452\/wp-content\/uploads\/2020\/05\/chor-impuls-mk.jpg","datePublished":"2020-06-11T16:04:14+00:00","dateModified":"2021-04-07T12:40:27+00:00","breadcrumb":{"@id":"https:\/\/glueck-wunsch.de\/testimonial452\/chorleitung\/#breadcrumb"},"inLanguage":"de","potentialAction":[{"@type":"ReadAction","target":["https:\/\/glueck-wunsch.de\/testimonial452\/chorleitung\/"]}]},{"@type":"ImageObject","inLanguage":"de","@id":"https:\/\/glueck-wunsch.de\/testimonial452\/chorleitung\/#primaryimage","url":"http:\/\/glueck-wunsch.de\/testimonial452\/wp-content\/uploads\/2020\/05\/chor-impuls-mk.jpg","contentUrl":"http:\/\/glueck-wunsch.de\/testimonial452\/wp-content\/uploads\/2020\/05\/chor-impuls-mk.jpg"},{"@type":"BreadcrumbList","@id":"https:\/\/glueck-wunsch.de\/testimonial452\/chorleitung\/#breadcrumb","itemListElement":[{"@type":"ListItem","position":1,"name":"Startseite","item":"https:\/\/glueck-wunsch.de\/testimonial452\/"},{"@type":"ListItem","position":2,"name":"Chorleitung"}]},{"@type":"WebSite","@id":"https:\/\/glueck-wunsch.de\/testimonial452\/#website","url":"https:\/\/glueck-wunsch.de\/testimonial452\/","name":"Chor ImPuls","description":"singen und musizieren","publisher":{"@id":"https:\/\/glueck-wunsch.de\/testimonial452\/#organization"},"potentialAction":[{"@type":"SearchAction","target":{"@type":"EntryPoint","urlTemplate":"https:\/\/glueck-wunsch.de\/testimonial452\/?s={search_term_string}"},"query-input":{"@type":"PropertyValueSpecification","valueRequired":true,"valueName":"search_term_string"}}],"inLanguage":"de"},{"@type":"Organization","@id":"https:\/\/glueck-wunsch.de\/testimonial452\/#organization","name":"Chor Impuls","url":"https:\/\/glueck-wunsch.de\/testimonial452\/","logo":{"@type":"ImageObject","inLanguage":"de","@id":"https:\/\/glueck-wunsch.de\/testimonial452\/#\/schema\/logo\/image\/","url":"https:\/\/glueck-wunsch.de\/testimonial452\/wp-content\/uploads\/2020\/05\/logo-chor-impuls-P.png","contentUrl":"https:\/\/glueck-wunsch.de\/testimonial452\/wp-content\/uploads\/2020\/05\/logo-chor-impuls-P.png","width":1050,"height":451,"caption":"Chor Impuls"},"image":{"@id":"https:\/\/glueck-wunsch.de\/testimonial452\/#\/schema\/logo\/image\/"}}]}},"uagb_featured_image_src":{"full":false,"thumbnail":false,"medium":false,"medium_large":false,"large":false,"1536x1536":false,"2048x2048":false},"uagb_author_info":{"display_name":"Petra Rieger","author_link":"https:\/\/glueck-wunsch.de\/testimonial452\/author\/petrarieger\/"},"uagb_comment_info":0,"uagb_excerpt":"Unser Chorleiter Matthias Krella Musik fasziniert ihn \u2013 klar! Und das gemeinsame Singen und Musizieren mit Menschen aller Generationen, also mit uns. Wenn wir den richtigen Ton treffen, strahlt er wie auf dem Foto. Als Kirchenmusiker nimmt Matthias Krella immer wieder neue musikalische Herausforderungen an \u2013 instrumental und mit den Chorgruppen. St\u00fccke aus Klassik, Jazz,&hellip;","_links":{"self":[{"href":"https:\/\/glueck-wunsch.de\/testimonial452\/wp-json\/wp\/v2\/pages\/1967","targetHints":{"allow":["GET"]}}],"collection":[{"href":"https:\/\/glueck-wunsch.de\/testimonial452\/wp-json\/wp\/v2\/pages"}],"about":[{"href":"https:\/\/glueck-wunsch.de\/testimonial452\/wp-json\/wp\/v2\/types\/page"}],"author":[{"embeddable":true,"href":"https:\/\/glueck-wunsch.de\/testimonial452\/wp-json\/wp\/v2\/users\/4"}],"replies":[{"embeddable":true,"href":"https:\/\/glueck-wunsch.de\/testimonial452\/wp-json\/wp\/v2\/comments?post=1967"}],"version-history":[{"count":7,"href":"https:\/\/glueck-wunsch.de\/testimonial452\/wp-json\/wp\/v2\/pages\/1967\/revisions"}],"predecessor-version":[{"id":2145,"href":"https:\/\/glueck-wunsch.de\/testimonial452\/wp-json\/wp\/v2\/pages\/1967\/revisions\/2145"}],"wp:attachment":[{"href":"https:\/\/glueck-wunsch.de\/testimonial452\/wp-json\/wp\/v2\/media?parent=1967"}],"curies":[{"name":"wp","href":"https:\/\/api.w.org\/{rel}","templated":true}]}}