{"id":828,"date":"2019-03-03T13:58:06","date_gmt":"2019-03-03T12:58:06","guid":{"rendered":"http:\/\/glueck-wunsch.de\/testimonial46a\/?page_id=828"},"modified":"2019-05-21T10:06:17","modified_gmt":"2019-05-21T08:06:17","slug":"abstraction","status":"publish","type":"page","link":"https:\/\/glueck-wunsch.de\/testimonial46a\/abstraction\/","title":{"rendered":"abstraction"},"content":{"rendered":"\t\t<div data-elementor-type=\"wp-post\" data-elementor-id=\"828\" class=\"elementor elementor-828\">\n\t\t\t\t\t\t<section class=\"elementor-section elementor-top-section elementor-element elementor-element-a89f4fc elementor-section-boxed elementor-section-height-default elementor-section-height-default\" data-id=\"a89f4fc\" data-element_type=\"section\">\n\t\t\t\t\t\t<div class=\"elementor-container elementor-column-gap-default\">\n\t\t\t\t\t<div class=\"elementor-column elementor-col-100 elementor-top-column elementor-element elementor-element-a9c10da\" data-id=\"a9c10da\" data-element_type=\"column\">\n\t\t\t<div class=\"elementor-widget-wrap elementor-element-populated\">\n\t\t\t\t\t\t<div class=\"elementor-element elementor-element-0b27b21 elementor-widget elementor-widget-heading\" data-id=\"0b27b21\" data-element_type=\"widget\" data-widget_type=\"heading.default\">\n\t\t\t\t<div class=\"elementor-widget-container\">\n\t\t\t\t\t<h2 class=\"elementor-heading-title elementor-size-xl\">Werke: Abstraktion<br>work: abstraction<\/h2>\t\t\t\t<\/div>\n\t\t\t\t<\/div>\n\t\t\t\t\t<\/div>\n\t\t<\/div>\n\t\t\t\t\t<\/div>\n\t\t<\/section>\n\t\t\t\t<section class=\"elementor-section elementor-top-section elementor-element elementor-element-70ef7e1 elementor-section-boxed elementor-section-height-default elementor-section-height-default\" data-id=\"70ef7e1\" data-element_type=\"section\">\n\t\t\t\t\t\t<div class=\"elementor-container elementor-column-gap-default\">\n\t\t\t\t\t<div class=\"elementor-column elementor-col-100 elementor-top-column elementor-element elementor-element-13dd3c2\" data-id=\"13dd3c2\" data-element_type=\"column\">\n\t\t\t<div class=\"elementor-widget-wrap elementor-element-populated\">\n\t\t\t\t\t\t<div class=\"elementor-element elementor-element-18344cf gallery-spacing-custom elementor-invisible elementor-widget elementor-widget-image-gallery\" data-id=\"18344cf\" data-element_type=\"widget\" data-settings=\"{&quot;_animation&quot;:&quot;zoomIn&quot;}\" data-widget_type=\"image-gallery.default\">\n\t\t\t\t<div class=\"elementor-widget-container\">\n\t\t\t\t\t\t\t<div class=\"elementor-image-gallery\">\n\t\t\t<div id='gallery-1' class='gallery galleryid-828 gallery-columns-2 gallery-size-full'><figure class='gallery-item'>\n\t\t\t<div class='gallery-icon portrait'>\n\t\t\t\t<a data-elementor-open-lightbox=\"yes\" data-elementor-lightbox-slideshow=\"18344cf\" data-elementor-lightbox-title=\"2008-acm-a009-abstrakt-rot-blau-80x120\" data-e-action-hash=\"#elementor-action%3Aaction%3Dlightbox%26settings%3DeyJpZCI6MjA0MSwidXJsIjoiaHR0cHM6XC9cL2dsdWVjay13dW5zY2guZGVcL3Rlc3RpbW9uaWFsNDZhXC93cC1jb250ZW50XC91cGxvYWRzXC8yMDE5XC8wNVwvMjAwOC1hY20tYTAwOS1hYnN0cmFrdC1yb3QtYmxhdS04MHgxMjAuanBnIiwic2xpZGVzaG93IjoiMTgzNDRjZiJ9\" href='https:\/\/glueck-wunsch.de\/testimonial46a\/wp-content\/uploads\/2019\/05\/2008-acm-a009-abstrakt-rot-blau-80x120.jpg'><img fetchpriority=\"high\" decoding=\"async\" width=\"797\" height=\"1200\" src=\"https:\/\/glueck-wunsch.de\/testimonial46a\/wp-content\/uploads\/2019\/05\/2008-acm-a009-abstrakt-rot-blau-80x120.jpg\" class=\"attachment-full size-full\" alt=\"\" aria-describedby=\"gallery-1-2041\" srcset=\"https:\/\/glueck-wunsch.de\/testimonial46a\/wp-content\/uploads\/2019\/05\/2008-acm-a009-abstrakt-rot-blau-80x120.jpg 797w, https:\/\/glueck-wunsch.de\/testimonial46a\/wp-content\/uploads\/2019\/05\/2008-acm-a009-abstrakt-rot-blau-80x120-199x300.jpg 199w, https:\/\/glueck-wunsch.de\/testimonial46a\/wp-content\/uploads\/2019\/05\/2008-acm-a009-abstrakt-rot-blau-80x120-768x1156.jpg 768w, https:\/\/glueck-wunsch.de\/testimonial46a\/wp-content\/uploads\/2019\/05\/2008-acm-a009-abstrakt-rot-blau-80x120-680x1024.jpg 680w\" sizes=\"(max-width: 797px) 100vw, 797px\" \/><\/a>\n\t\t\t<\/div>\n\t\t\t\t<figcaption class='wp-caption-text gallery-caption' id='gallery-1-2041'>\n\t\t\t\tAufw\u00e4rts &#8211; Bild a009 &#8211; 80 x 120 cm<br>\n2008 &#8211; Acrylmalerei\n\t\t\t\t<\/figcaption><\/figure><figure class='gallery-item'>\n\t\t\t<div class='gallery-icon landscape'>\n\t\t\t\t<a data-elementor-open-lightbox=\"yes\" data-elementor-lightbox-slideshow=\"18344cf\" data-elementor-lightbox-title=\"Bild 1 f\u00fcr Ausst. Mercedes\" data-e-action-hash=\"#elementor-action%3Aaction%3Dlightbox%26settings%3DeyJpZCI6ODY3LCJ1cmwiOiJodHRwczpcL1wvZ2x1ZWNrLXd1bnNjaC5kZVwvdGVzdGltb25pYWw0NmFcL3dwLWNvbnRlbnRcL3VwbG9hZHNcLzIwMTlcLzAzXC9CaWxkLTEtZlx1MDBmY3ItQXVzc3QuLU1lcmNlZGVzLWUxNTUxNjk2MzM4ODY2LmpwZyIsInNsaWRlc2hvdyI6IjE4MzQ0Y2YifQ%3D%3D\" href='https:\/\/glueck-wunsch.de\/testimonial46a\/wp-content\/uploads\/2019\/03\/Bild-1-f\u00fcr-Ausst.-Mercedes-e1551696338866.jpg'><img decoding=\"async\" width=\"1281\" height=\"1281\" src=\"https:\/\/glueck-wunsch.de\/testimonial46a\/wp-content\/uploads\/2019\/03\/Bild-1-f\u00fcr-Ausst.-Mercedes-e1551696338866.jpg\" class=\"attachment-full size-full\" alt=\"\" aria-describedby=\"gallery-1-867\" \/><\/a>\n\t\t\t<\/div>\n\t\t\t\t<figcaption class='wp-caption-text gallery-caption' id='gallery-1-867'>\n\t\t\t\tAufw\u00e4rts &#8211; Bild a009 &#8211; 80 x 120 cm<br>\n2008 &#8211; Acrylmalerei . Ausschnitt\n\t\t\t\t<\/figcaption><\/figure><figure class='gallery-item'>\n\t\t\t<div class='gallery-icon portrait'>\n\t\t\t\t<a data-elementor-open-lightbox=\"yes\" data-elementor-lightbox-slideshow=\"18344cf\" data-elementor-lightbox-title=\"1999.oelm-a003-blau-braun-80x120\" data-e-action-hash=\"#elementor-action%3Aaction%3Dlightbox%26settings%3DeyJpZCI6MjA0MywidXJsIjoiaHR0cHM6XC9cL2dsdWVjay13dW5zY2guZGVcL3Rlc3RpbW9uaWFsNDZhXC93cC1jb250ZW50XC91cGxvYWRzXC8yMDE5XC8wNVwvMTk5OS5vZWxtLWEwMDMtYmxhdS1icmF1bi04MHgxMjAuanBnIiwic2xpZGVzaG93IjoiMTgzNDRjZiJ9\" href='https:\/\/glueck-wunsch.de\/testimonial46a\/wp-content\/uploads\/2019\/05\/1999.oelm-a003-blau-braun-80x120.jpg'><img decoding=\"async\" width=\"798\" height=\"1200\" src=\"https:\/\/glueck-wunsch.de\/testimonial46a\/wp-content\/uploads\/2019\/05\/1999.oelm-a003-blau-braun-80x120.jpg\" class=\"attachment-full size-full\" alt=\"\" aria-describedby=\"gallery-1-2043\" srcset=\"https:\/\/glueck-wunsch.de\/testimonial46a\/wp-content\/uploads\/2019\/05\/1999.oelm-a003-blau-braun-80x120.jpg 798w, https:\/\/glueck-wunsch.de\/testimonial46a\/wp-content\/uploads\/2019\/05\/1999.oelm-a003-blau-braun-80x120-200x300.jpg 200w, https:\/\/glueck-wunsch.de\/testimonial46a\/wp-content\/uploads\/2019\/05\/1999.oelm-a003-blau-braun-80x120-768x1155.jpg 768w, https:\/\/glueck-wunsch.de\/testimonial46a\/wp-content\/uploads\/2019\/05\/1999.oelm-a003-blau-braun-80x120-681x1024.jpg 681w\" sizes=\"(max-width: 798px) 100vw, 798px\" \/><\/a>\n\t\t\t<\/div>\n\t\t\t\t<figcaption class='wp-caption-text gallery-caption' id='gallery-1-2043'>\n\t\t\t\tWiderstand &#8211; Bild a003 &#8211; 80 x 120 cm<br>\n1999 &#8211; \u00d6lmalerei\n\t\t\t\t<\/figcaption><\/figure><figure class='gallery-item'>\n\t\t\t<div class='gallery-icon portrait'>\n\t\t\t\t<a data-elementor-open-lightbox=\"yes\" data-elementor-lightbox-slideshow=\"18344cf\" data-elementor-lightbox-title=\"1999-oelm-a002-blau-violett-80x120\" data-e-action-hash=\"#elementor-action%3Aaction%3Dlightbox%26settings%3DeyJpZCI6MjA0MiwidXJsIjoiaHR0cHM6XC9cL2dsdWVjay13dW5zY2guZGVcL3Rlc3RpbW9uaWFsNDZhXC93cC1jb250ZW50XC91cGxvYWRzXC8yMDE5XC8wNVwvMTk5OS1vZWxtLWEwMDItYmxhdS12aW9sZXR0LTgweDEyMC5qcGciLCJzbGlkZXNob3ciOiIxODM0NGNmIn0%3D\" href='https:\/\/glueck-wunsch.de\/testimonial46a\/wp-content\/uploads\/2019\/05\/1999-oelm-a002-blau-violett-80x120.jpg'><img loading=\"lazy\" decoding=\"async\" width=\"792\" height=\"1200\" src=\"https:\/\/glueck-wunsch.de\/testimonial46a\/wp-content\/uploads\/2019\/05\/1999-oelm-a002-blau-violett-80x120.jpg\" class=\"attachment-full size-full\" alt=\"\" aria-describedby=\"gallery-1-2042\" srcset=\"https:\/\/glueck-wunsch.de\/testimonial46a\/wp-content\/uploads\/2019\/05\/1999-oelm-a002-blau-violett-80x120.jpg 792w, https:\/\/glueck-wunsch.de\/testimonial46a\/wp-content\/uploads\/2019\/05\/1999-oelm-a002-blau-violett-80x120-198x300.jpg 198w, https:\/\/glueck-wunsch.de\/testimonial46a\/wp-content\/uploads\/2019\/05\/1999-oelm-a002-blau-violett-80x120-768x1164.jpg 768w, https:\/\/glueck-wunsch.de\/testimonial46a\/wp-content\/uploads\/2019\/05\/1999-oelm-a002-blau-violett-80x120-676x1024.jpg 676w\" sizes=\"(max-width: 792px) 100vw, 792px\" \/><\/a>\n\t\t\t<\/div>\n\t\t\t\t<figcaption class='wp-caption-text gallery-caption' id='gallery-1-2042'>\n\t\t\t\tAufw\u00e4rts &#8211; Bild a002 &#8211; 80 x 120 cm<br>\n1999 &#8211; \u00d6lmalerei\n\t\t\t\t<\/figcaption><\/figure><figure class='gallery-item'>\n\t\t\t<div class='gallery-icon landscape'>\n\t\t\t\t<a data-elementor-open-lightbox=\"yes\" data-elementor-lightbox-slideshow=\"18344cf\" data-elementor-lightbox-title=\"1999-oelm-a001-braun-bau-2x80x100\" data-e-action-hash=\"#elementor-action%3Aaction%3Dlightbox%26settings%3DeyJpZCI6MjAzMCwidXJsIjoiaHR0cHM6XC9cL2dsdWVjay13dW5zY2guZGVcL3Rlc3RpbW9uaWFsNDZhXC93cC1jb250ZW50XC91cGxvYWRzXC8yMDE5XC8wNVwvMTk5OS1vZWxtLWEwMDEtYnJhdW4tYmF1LTJ4ODB4MTAwLmpwZyIsInNsaWRlc2hvdyI6IjE4MzQ0Y2YifQ%3D%3D\" href='https:\/\/glueck-wunsch.de\/testimonial46a\/wp-content\/uploads\/2019\/05\/1999-oelm-a001-braun-bau-2x80x100.jpg'><img loading=\"lazy\" decoding=\"async\" width=\"2000\" height=\"1248\" src=\"https:\/\/glueck-wunsch.de\/testimonial46a\/wp-content\/uploads\/2019\/05\/1999-oelm-a001-braun-bau-2x80x100.jpg\" class=\"attachment-full size-full\" alt=\"\" aria-describedby=\"gallery-1-2030\" srcset=\"https:\/\/glueck-wunsch.de\/testimonial46a\/wp-content\/uploads\/2019\/05\/1999-oelm-a001-braun-bau-2x80x100.jpg 2000w, https:\/\/glueck-wunsch.de\/testimonial46a\/wp-content\/uploads\/2019\/05\/1999-oelm-a001-braun-bau-2x80x100-300x187.jpg 300w, https:\/\/glueck-wunsch.de\/testimonial46a\/wp-content\/uploads\/2019\/05\/1999-oelm-a001-braun-bau-2x80x100-768x479.jpg 768w, https:\/\/glueck-wunsch.de\/testimonial46a\/wp-content\/uploads\/2019\/05\/1999-oelm-a001-braun-bau-2x80x100-1024x639.jpg 1024w\" sizes=\"(max-width: 2000px) 100vw, 2000px\" \/><\/a>\n\t\t\t<\/div>\n\t\t\t\t<figcaption class='wp-caption-text gallery-caption' id='gallery-1-2030'>\n\t\t\t\tGegens\u00e4tze &#8211; Bild a001 &#8211; 2&#215;80 x 100 cm<br>\n1999 &#8211; \u00d6lmalerei\n\t\t\t\t<\/figcaption><\/figure><figure class='gallery-item'>\n\t\t\t<div class='gallery-icon landscape'>\n\t\t\t\t<a data-elementor-open-lightbox=\"yes\" data-elementor-lightbox-slideshow=\"18344cf\" data-elementor-lightbox-title=\"1999-oelm-a001-braun-blau-ausschnitt-1\" data-e-action-hash=\"#elementor-action%3Aaction%3Dlightbox%26settings%3DeyJpZCI6MjA0NCwidXJsIjoiaHR0cHM6XC9cL2dsdWVjay13dW5zY2guZGVcL3Rlc3RpbW9uaWFsNDZhXC93cC1jb250ZW50XC91cGxvYWRzXC8yMDE5XC8wNVwvMTk5OS1vZWxtLWEwMDEtYnJhdW4tYmxhdS1hdXNzY2huaXR0LTEuanBnIiwic2xpZGVzaG93IjoiMTgzNDRjZiJ9\" href='https:\/\/glueck-wunsch.de\/testimonial46a\/wp-content\/uploads\/2019\/05\/1999-oelm-a001-braun-blau-ausschnitt-1.jpg'><img loading=\"lazy\" decoding=\"async\" width=\"1424\" height=\"1200\" src=\"https:\/\/glueck-wunsch.de\/testimonial46a\/wp-content\/uploads\/2019\/05\/1999-oelm-a001-braun-blau-ausschnitt-1.jpg\" class=\"attachment-full size-full\" alt=\"\" aria-describedby=\"gallery-1-2044\" srcset=\"https:\/\/glueck-wunsch.de\/testimonial46a\/wp-content\/uploads\/2019\/05\/1999-oelm-a001-braun-blau-ausschnitt-1.jpg 1424w, https:\/\/glueck-wunsch.de\/testimonial46a\/wp-content\/uploads\/2019\/05\/1999-oelm-a001-braun-blau-ausschnitt-1-300x253.jpg 300w, https:\/\/glueck-wunsch.de\/testimonial46a\/wp-content\/uploads\/2019\/05\/1999-oelm-a001-braun-blau-ausschnitt-1-768x647.jpg 768w, https:\/\/glueck-wunsch.de\/testimonial46a\/wp-content\/uploads\/2019\/05\/1999-oelm-a001-braun-blau-ausschnitt-1-1024x863.jpg 1024w\" sizes=\"(max-width: 1424px) 100vw, 1424px\" \/><\/a>\n\t\t\t<\/div>\n\t\t\t\t<figcaption class='wp-caption-text gallery-caption' id='gallery-1-2044'>\n\t\t\t\tGegens\u00e4tze &#8211; Bild a001 &#8211; 2&#215;80 x 100 cm<br>\n1999 &#8211; \u00d6lmalerei &#8211; Ausschnitt\n\t\t\t\t<\/figcaption><\/figure>\n\t\t<\/div>\n\t\t<\/div>\n\t\t\t\t\t\t<\/div>\n\t\t\t\t<\/div>\n\t\t\t\t\t<\/div>\n\t\t<\/div>\n\t\t\t\t\t<\/div>\n\t\t<\/section>\n\t\t\t\t<section class=\"elementor-section elementor-top-section elementor-element elementor-element-5dd0fc3 elementor-section-boxed elementor-section-height-default elementor-section-height-default\" data-id=\"5dd0fc3\" data-element_type=\"section\">\n\t\t\t\t\t\t<div class=\"elementor-container elementor-column-gap-default\">\n\t\t\t\t\t<div class=\"elementor-column elementor-col-100 elementor-top-column elementor-element elementor-element-ad24255\" data-id=\"ad24255\" data-element_type=\"column\">\n\t\t\t<div class=\"elementor-widget-wrap elementor-element-populated\">\n\t\t\t\t\t\t<div class=\"elementor-element elementor-element-f1f6200 elementor-widget elementor-widget-spacer\" data-id=\"f1f6200\" data-element_type=\"widget\" data-widget_type=\"spacer.default\">\n\t\t\t\t<div class=\"elementor-widget-container\">\n\t\t\t\t\t\t\t<div class=\"elementor-spacer\">\n\t\t\t<div class=\"elementor-spacer-inner\"><\/div>\n\t\t<\/div>\n\t\t\t\t\t\t<\/div>\n\t\t\t\t<\/div>\n\t\t\t\t\t<\/div>\n\t\t<\/div>\n\t\t\t\t\t<\/div>\n\t\t<\/section>\n\t\t\t\t<section class=\"elementor-section elementor-top-section elementor-element elementor-element-cdbb806 elementor-section-boxed elementor-section-height-default elementor-section-height-default\" data-id=\"cdbb806\" data-element_type=\"section\">\n\t\t\t\t\t\t<div class=\"elementor-container elementor-column-gap-default\">\n\t\t\t\t\t<div class=\"elementor-column elementor-col-100 elementor-top-column elementor-element elementor-element-b3e1a2e\" data-id=\"b3e1a2e\" data-element_type=\"column\">\n\t\t\t<div class=\"elementor-widget-wrap\">\n\t\t\t\t\t\t\t<\/div>\n\t\t<\/div>\n\t\t\t\t\t<\/div>\n\t\t<\/section>\n\t\t\t\t<section class=\"elementor-section elementor-top-section elementor-element elementor-element-f001489 elementor-section-boxed elementor-section-height-default elementor-section-height-default\" data-id=\"f001489\" data-element_type=\"section\">\n\t\t\t\t\t\t<div class=\"elementor-container elementor-column-gap-default\">\n\t\t\t\t\t<div class=\"elementor-column elementor-col-100 elementor-top-column elementor-element elementor-element-5f06de0\" data-id=\"5f06de0\" data-element_type=\"column\">\n\t\t\t<div class=\"elementor-widget-wrap elementor-element-populated\">\n\t\t\t\t\t\t<div class=\"elementor-element elementor-element-b493728 elementor-align-center elementor-widget elementor-widget-button\" data-id=\"b493728\" data-element_type=\"widget\" data-widget_type=\"button.default\">\n\t\t\t\t<div class=\"elementor-widget-container\">\n\t\t\t\t\t\t\t\t\t<div class=\"elementor-button-wrapper\">\n\t\t\t\t\t<a class=\"elementor-button elementor-button-link elementor-size-sm\" href=\"https:\/\/glueck-wunsch.de\/testimonial46a\/gallery\/\">\n\t\t\t\t\t\t<span class=\"elementor-button-content-wrapper\">\n\t\t\t\t\t\t\t\t\t<span class=\"elementor-button-text\">&lt;&lt; zur\u00fcck zur \u00dcbersicht<br>&lt;&lt; back to the overview<\/span>\n\t\t\t\t\t<\/span>\n\t\t\t\t\t<\/a>\n\t\t\t\t<\/div>\n\t\t\t\t\t\t\t\t<\/div>\n\t\t\t\t<\/div>\n\t\t\t\t\t<\/div>\n\t\t<\/div>\n\t\t\t\t\t<\/div>\n\t\t<\/section>\n\t\t\t\t<\/div>\n\t\t","protected":false},"excerpt":{"rendered":"<p>Werke: Abstraktionwork: abstraction Aufw\u00e4rts &#8211; Bild a009 &#8211; 80 x 120 cm 2008 &#8211; Acrylmalerei Aufw\u00e4rts &#8211; Bild a009 &#8211; 80 x 120 cm 2008 &#8211; Acrylmalerei . Ausschnitt Widerstand &#8211; Bild a003 &#8211; 80 x 120 cm 1999 &#8211; \u00d6lmalerei Aufw\u00e4rts &#8211; Bild a002 &#8211; 80 x 120 cm 1999 &#8211; \u00d6lmalerei Gegens\u00e4tze &#8211; [&hellip;]<\/p>\n","protected":false},"author":4,"featured_media":0,"parent":0,"menu_order":0,"comment_status":"closed","ping_status":"closed","template":"","meta":{"ocean_post_layout":"full-screen","ocean_both_sidebars_style":"","ocean_both_sidebars_content_width":0,"ocean_both_sidebars_sidebars_width":0,"ocean_sidebar":"0","ocean_second_sidebar":"0","ocean_disable_margins":"enable","ocean_add_body_class":"","ocean_shortcode_before_top_bar":"","ocean_shortcode_after_top_bar":"","ocean_shortcode_before_header":"","ocean_shortcode_after_header":"","ocean_has_shortcode":"","ocean_shortcode_after_title":"","ocean_shortcode_before_footer_widgets":"","ocean_shortcode_after_footer_widgets":"","ocean_shortcode_before_footer_bottom":"","ocean_shortcode_after_footer_bottom":"","ocean_display_top_bar":"default","ocean_display_header":"default","ocean_header_style":"","ocean_center_header_left_menu":"0","ocean_custom_header_template":"0","ocean_custom_logo":0,"ocean_custom_retina_logo":0,"ocean_custom_logo_max_width":0,"ocean_custom_logo_tablet_max_width":0,"ocean_custom_logo_mobile_max_width":0,"ocean_custom_logo_max_height":0,"ocean_custom_logo_tablet_max_height":0,"ocean_custom_logo_mobile_max_height":0,"ocean_header_custom_menu":"0","ocean_menu_typo_font_family":"0","ocean_menu_typo_font_subset":"","ocean_menu_typo_font_size":0,"ocean_menu_typo_font_size_tablet":0,"ocean_menu_typo_font_size_mobile":0,"ocean_menu_typo_font_size_unit":"px","ocean_menu_typo_font_weight":"","ocean_menu_typo_font_weight_tablet":"","ocean_menu_typo_font_weight_mobile":"","ocean_menu_typo_transform":"","ocean_menu_typo_transform_tablet":"","ocean_menu_typo_transform_mobile":"","ocean_menu_typo_line_height":0,"ocean_menu_typo_line_height_tablet":0,"ocean_menu_typo_line_height_mobile":0,"ocean_menu_typo_line_height_unit":"","ocean_menu_typo_spacing":0,"ocean_menu_typo_spacing_tablet":0,"ocean_menu_typo_spacing_mobile":0,"ocean_menu_typo_spacing_unit":"","ocean_menu_link_color":"","ocean_menu_link_color_hover":"","ocean_menu_link_color_active":"","ocean_menu_link_background":"","ocean_menu_link_hover_background":"","ocean_menu_link_active_background":"","ocean_menu_social_links_bg":"","ocean_menu_social_hover_links_bg":"","ocean_menu_social_links_color":"","ocean_menu_social_hover_links_color":"","ocean_disable_title":"on","ocean_disable_heading":"default","ocean_post_title":"","ocean_post_subheading":"","ocean_post_title_style":"","ocean_post_title_background_color":"","ocean_post_title_background":0,"ocean_post_title_bg_image_position":"","ocean_post_title_bg_image_attachment":"","ocean_post_title_bg_image_repeat":"","ocean_post_title_bg_image_size":"","ocean_post_title_height":0,"ocean_post_title_bg_overlay":0.5,"ocean_post_title_bg_overlay_color":"","ocean_disable_breadcrumbs":"default","ocean_breadcrumbs_color":"","ocean_breadcrumbs_separator_color":"","ocean_breadcrumbs_links_color":"","ocean_breadcrumbs_links_hover_color":"","ocean_display_footer_widgets":"default","ocean_display_footer_bottom":"default","ocean_custom_footer_template":"0","footnotes":""},"class_list":["post-828","page","type-page","status-publish","hentry","entry"],"_links":{"self":[{"href":"https:\/\/glueck-wunsch.de\/testimonial46a\/wp-json\/wp\/v2\/pages\/828","targetHints":{"allow":["GET"]}}],"collection":[{"href":"https:\/\/glueck-wunsch.de\/testimonial46a\/wp-json\/wp\/v2\/pages"}],"about":[{"href":"https:\/\/glueck-wunsch.de\/testimonial46a\/wp-json\/wp\/v2\/types\/page"}],"author":[{"embeddable":true,"href":"https:\/\/glueck-wunsch.de\/testimonial46a\/wp-json\/wp\/v2\/users\/4"}],"replies":[{"embeddable":true,"href":"https:\/\/glueck-wunsch.de\/testimonial46a\/wp-json\/wp\/v2\/comments?post=828"}],"version-history":[{"count":10,"href":"https:\/\/glueck-wunsch.de\/testimonial46a\/wp-json\/wp\/v2\/pages\/828\/revisions"}],"predecessor-version":[{"id":2046,"href":"https:\/\/glueck-wunsch.de\/testimonial46a\/wp-json\/wp\/v2\/pages\/828\/revisions\/2046"}],"wp:attachment":[{"href":"https:\/\/glueck-wunsch.de\/testimonial46a\/wp-json\/wp\/v2\/media?parent=828"}],"curies":[{"name":"wp","href":"https:\/\/api.w.org\/{rel}","templated":true}]}}